CRAN Package Check Results for Package psda

Last updated on 2022-06-25 15:51:29 CEST.

Flavor Version Tinstall Tcheck Ttotal Status Flags
r-devel-linux-x86_64-debian-clang 1.4.0 3.30 44.60 47.90 OK
r-devel-linux-x86_64-debian-gcc 1.4.0 3.03 33.87 36.90 OK
r-devel-linux-x86_64-fedora-clang 1.4.0 68.39 NOTE
r-devel-linux-x86_64-fedora-gcc 1.4.0 67.67 NOTE
r-devel-windows-x86_64 1.4.0 20.00 75.00 95.00 OK
r-patched-linux-x86_64 1.4.0 3.64 43.04 46.68 OK
r-release-linux-x86_64 1.4.0 2.75 43.03 45.78 OK
r-release-macos-arm64 1.4.0 24.00 NOTE
r-release-macos-x86_64 1.4.0 41.00 NOTE
r-release-windows-x86_64 1.4.0 19.00 73.00 92.00 OK
r-oldrel-macos-arm64 1.4.0 29.00 NOTE
r-oldrel-macos-x86_64 1.4.0 38.00 NOTE
r-oldrel-windows-ix86+x86_64 1.4.0 9.00 67.00 76.00 OK

Check Details

Version: 1.4.0
Check: dependencies in R code
Result: NOTE
    Namespace in Imports field not imported from: ‘raster’
     All declared Imports should be used.
Flavors: r-devel-linux-x86_64-fedora-clang, r-devel-linux-x86_64-fedora-gcc, r-release-macos-arm64, r-release-macos-x86_64, r-oldrel-macos-arm64, r-oldrel-macos-x86_64