CRAN Package Check Results for Package psborrow2

Last updated on 2025-01-22 15:50:15 CET.

Flavor Version Tinstall Tcheck Ttotal Status Flags
r-devel-linux-x86_64-debian-clang 0.0.3.4 14.86 116.03 130.89 OK
r-devel-linux-x86_64-debian-gcc 0.0.3.4 9.05 85.14 94.19 OK
r-devel-linux-x86_64-fedora-clang 0.0.3.4 223.95 OK
r-devel-linux-x86_64-fedora-gcc 0.0.3.4 215.74 OK
r-devel-windows-x86_64 0.0.3.4 16.00 151.00 167.00 OK
r-patched-linux-x86_64 0.0.3.4 15.74 109.89 125.63 NOTE
r-release-linux-x86_64 0.0.3.4 12.53 110.02 122.55 NOTE
r-release-macos-arm64 0.0.3.4 72.00 NOTE
r-release-macos-x86_64 0.0.3.4 103.00 NOTE
r-release-windows-x86_64 0.0.3.4 17.00 148.00 165.00 NOTE
r-oldrel-macos-arm64 0.0.3.4 84.00 NOTE
r-oldrel-macos-x86_64 0.0.3.4 171.00 NOTE
r-oldrel-windows-x86_64 0.0.3.4 18.00 185.00 203.00 NOTE

Check Details

Version: 0.0.3.4
Check: package dependencies
Result: NOTE Package suggested but not available for checking: ‘cmdstanr’ Flavors: r-patched-linux-x86_64, r-release-linux-x86_64, r-release-macos-arm64, r-release-macos-x86_64, r-release-windows-x86_64, r-oldrel-macos-arm64, r-oldrel-macos-x86_64, r-oldrel-windows-x86_64