CRAN Package Check Results for Package pryr

Last updated on 2022-12-05 15:54:26 CET.

Flavor Version Tinstall Tcheck Ttotal Status Flags
r-devel-linux-x86_64-debian-clang 0.1.5 47.98 47.71 95.69 OK
r-devel-linux-x86_64-debian-gcc 0.1.5 41.63 40.19 81.82 WARN
r-devel-linux-x86_64-fedora-clang 0.1.5 171.72 WARN
r-devel-linux-x86_64-fedora-gcc 0.1.5 143.92 WARN
r-devel-windows-x86_64 0.1.5 64.00 109.00 173.00 OK
r-patched-linux-x86_64 0.1.5 48.05 49.97 98.02 OK
r-release-linux-x86_64 0.1.5 48.27 48.97 97.24 OK
r-release-macos-arm64 0.1.5 37.00 OK
r-release-macos-x86_64 0.1.5 50.00 OK
r-release-windows-x86_64 0.1.5 59.00 104.00 163.00 OK
r-oldrel-macos-arm64 0.1.5 38.00 OK
r-oldrel-macos-x86_64 0.1.5 50.00 OK
r-oldrel-windows-ix86+x86_64 0.1.5 125.00 110.00 235.00 OK

Check Details

Version: 0.1.5
Check: compiled code
Result: WARN
    File ‘pryr/libs/pryr.so’:
     Found ‘__sprintf_chk’, possibly from ‘sprintf’ (C)
     Object: ‘bytes.o’
    
    Compiled code should not call entry points which might terminate R nor
    write to stdout/stderr instead of to the console, nor use Fortran I/O
    nor system RNGs nor [v]sprintf.
    
    See ‘Writing portable packages’ in the ‘Writing R Extensions’ manual.
Flavors: r-devel-linux-x86_64-debian-gcc, r-devel-linux-x86_64-fedora-gcc

Version: 0.1.5
Check: compiled code
Result: WARN
    File ‘pryr/libs/pryr.so’:
     Found ‘sprintf’, possibly from ‘sprintf’ (C)
     Object: ‘bytes.o’
    
    Compiled code should not call entry points which might terminate R nor
    write to stdout/stderr instead of to the console, nor use Fortran I/O
    nor system RNGs nor [v]sprintf.
    
    See ‘Writing portable packages’ in the ‘Writing R Extensions’ manual.
Flavor: r-devel-linux-x86_64-fedora-clang