CRAN Package Check Results for Package protti

Last updated on 2022-05-22 03:51:33 CEST.

Flavor Version Tinstall Tcheck Ttotal Status Flags
r-devel-linux-x86_64-debian-clang 0.3.0 19.83 217.63 237.46 OK
r-devel-linux-x86_64-debian-gcc 0.3.0 15.17 155.62 170.79 OK
r-devel-linux-x86_64-fedora-clang 0.3.0 167.77 NOTE
r-devel-linux-x86_64-fedora-gcc 0.3.0 155.05 OK
r-devel-windows-x86_64 0.3.0 74.00 251.00 325.00 OK
r-patched-linux-x86_64 0.3.0 16.50 200.79 217.29 OK
r-release-linux-x86_64 0.3.0 13.68 201.20 214.88 OK
r-release-macos-arm64 0.3.0 78.00 OK
r-release-macos-x86_64 0.3.0 118.00 OK
r-release-windows-x86_64 0.3.0 77.00 241.00 318.00 OK
r-oldrel-macos-arm64 0.3.0 60.00 NOTE
r-oldrel-macos-x86_64 0.3.0 97.00 OK
r-oldrel-windows-ix86+x86_64 0.3.0 40.00 233.00 273.00 OK

Check Details

Version: 0.3.0
Check: package dependencies
Result: NOTE
    Package suggested but not available for checking: ‘proDA’
Flavors: r-devel-linux-x86_64-fedora-clang, r-oldrel-macos-arm64