CRAN Package Check Results for Package prototest

Last updated on 2022-05-21 04:59:17 CEST.

Flavor Version Tinstall Tcheck Ttotal Status Flags
r-devel-linux-x86_64-debian-clang 1.2 77.61 111.48 189.09 OK
r-devel-linux-x86_64-debian-gcc 1.2 66.97 85.26 152.23 OK
r-devel-linux-x86_64-fedora-clang 1.2 258.35 NOTE
r-devel-linux-x86_64-fedora-gcc 1.2 240.48 NOTE
r-devel-windows-x86_64 1.2 82.00 141.00 223.00 OK
r-patched-linux-x86_64 1.2 68.29 106.80 175.09 OK
r-release-linux-x86_64 1.2 69.59 106.11 175.70 OK
r-release-macos-arm64 1.2 59.00 OK
r-release-macos-x86_64 1.2 84.00 OK
r-release-windows-x86_64 1.2 79.00 145.00 224.00 OK
r-oldrel-macos-arm64 1.2 69.00 OK
r-oldrel-macos-x86_64 1.2 121.00 OK
r-oldrel-windows-ix86+x86_64 1.2 199.00 178.00 377.00 OK

Check Details

Version: 1.2
Check: compiled code
Result: NOTE
    File ‘prototest/libs/prototest.so’:
     Found no calls to: ‘R_registerRoutines’, ‘R_useDynamicSymbols’
    
    It is good practice to register native routines and to disable symbol
    search.
    
    See ‘Writing portable packages’ in the ‘Writing R Extensions’ manual.
Flavors: r-devel-linux-x86_64-fedora-clang, r-devel-linux-x86_64-fedora-gcc