CRAN Package Check Results for Package prisonbrief

Last updated on 2022-07-02 03:51:36 CEST.

Flavor Version Tinstall Tcheck Ttotal Status Flags
r-devel-linux-x86_64-debian-clang 0.1.2 9.46 70.04 79.50 OK
r-devel-linux-x86_64-debian-gcc 0.1.2 5.60 52.94 58.54 OK
r-devel-linux-x86_64-fedora-clang 0.1.2 101.15 NOTE
r-devel-linux-x86_64-fedora-gcc 0.1.2 101.37 NOTE
r-devel-windows-x86_64 0.1.2 25.00 87.00 112.00 OK
r-patched-linux-x86_64 0.1.2 7.60 65.83 73.43 OK
r-release-linux-x86_64 0.1.2 8.88 67.60 76.48 OK
r-release-macos-arm64 0.1.2 33.00 NOTE
r-release-macos-x86_64 0.1.2 49.00 NOTE
r-release-windows-x86_64 0.1.2 25.00 91.00 116.00 OK
r-oldrel-macos-arm64 0.1.2 33.00 NOTE
r-oldrel-macos-x86_64 0.1.2 43.00 NOTE
r-oldrel-windows-ix86+x86_64 0.1.2 20.00 85.00 105.00 OK

Check Details

Version: 0.1.2
Check: data for non-ASCII characters
Result: NOTE
     Note: found 2 marked UTF-8 strings
Flavors: r-devel-linux-x86_64-fedora-clang, r-devel-linux-x86_64-fedora-gcc, r-release-macos-arm64, r-release-macos-x86_64, r-oldrel-macos-arm64, r-oldrel-macos-x86_64