Last updated on 2023-11-28 15:49:45 CET.
Flavor | Version | Tinstall | Tcheck | Ttotal | Status | Flags |
---|---|---|---|---|---|---|
r-devel-linux-x86_64-debian-clang | 0.3.1 | 11.73 | 175.12 | 186.85 | OK | |
r-devel-linux-x86_64-debian-gcc | 0.3.1 | 8.30 | 130.49 | 138.79 | OK | |
r-devel-linux-x86_64-fedora-clang | 0.3.1 | 223.08 | NOTE | |||
r-devel-linux-x86_64-fedora-gcc | 0.3.1 | 230.39 | OK | |||
r-devel-windows-x86_64 | 0.3.1 | 10.00 | 140.00 | 150.00 | OK | |
r-patched-linux-x86_64 | 0.3.1 | 8.53 | 167.98 | 176.51 | OK | |
r-release-linux-x86_64 | 0.3.1 | 9.83 | 167.73 | 177.56 | OK | |
r-release-macos-arm64 | 0.3.1 | 72.00 | OK | |||
r-release-macos-x86_64 | 0.3.1 | 205.00 | OK | |||
r-release-windows-x86_64 | 0.3.1 | 13.00 | 174.00 | 187.00 | OK | |
r-oldrel-macos-arm64 | 0.3.1 | 63.00 | OK | |||
r-oldrel-macos-x86_64 | 0.3.1 | 86.00 | OK | |||
r-oldrel-windows-x86_64 | 0.3.1 | 13.00 | 174.00 | 187.00 | OK |
Version: 0.3.1
Check: Rd cross-references
Result: NOTE
Undeclared package ‘mvtnorm’ in Rd xrefs
Flavor: r-devel-linux-x86_64-fedora-clang