CRAN Package Check Results for Package prioritylasso

Last updated on 2022-05-27 04:56:45 CEST.

Flavor Version Tinstall Tcheck Ttotal Status Flags
r-devel-linux-x86_64-debian-clang 0.2.5 8.48 216.67 225.15 OK
r-devel-linux-x86_64-debian-gcc 0.2.5 7.86 162.76 170.62 OK
r-devel-linux-x86_64-fedora-clang 0.2.5 262.36 NOTE
r-devel-linux-x86_64-fedora-gcc 0.2.5 257.23 OK
r-devel-windows-x86_64 0.2.5 18.00 229.00 247.00 OK
r-patched-linux-x86_64 0.2.5 9.91 213.22 223.13 OK
r-release-linux-x86_64 0.2.5 8.76 208.89 217.65 OK
r-release-macos-arm64 0.2.5 75.00 OK
r-release-macos-x86_64 0.2.5 98.00 OK
r-release-windows-x86_64 0.2.5 20.00 235.00 255.00 OK
r-oldrel-macos-arm64 0.2.5 88.00 OK
r-oldrel-macos-x86_64 0.2.5 154.00 OK
r-oldrel-windows-ix86+x86_64 0.2.5 21.00 243.00 264.00 OK

Check Details

Version: 0.2.5
Check: Rd cross-references
Result: NOTE
    Undeclared packages ‘ipflasso’, ‘mvtnorm’ in Rd xrefs
Flavor: r-devel-linux-x86_64-fedora-clang