CRAN Package Check Results for Package prinvars

Last updated on 2024-04-19 15:56:56 CEST.

Flavor Version Tinstall Tcheck Ttotal Status Flags
r-devel-linux-x86_64-debian-clang 1.0.0 4.23 43.40 47.63 OK
r-devel-linux-x86_64-debian-gcc 1.0.0 OK
r-devel-linux-x86_64-fedora-clang 1.0.0 58.28 OK
r-devel-linux-x86_64-fedora-gcc 1.0.0 54.57 OK
r-prerel-macos-arm64 1.0.0 22.00 OK
r-prerel-windows-x86_64 1.0.0 5.00 54.00 59.00 OK
r-patched-linux-x86_64 1.0.0 3.73 40.42 44.15 OK
r-release-linux-x86_64 1.0.0 4.39 41.45 45.84 OK
r-release-macos-arm64 1.0.0 23.00 OK
r-release-macos-x86_64 1.0.0 31.00 NOTE
r-release-windows-x86_64 1.0.0 6.00 61.00 67.00 OK
r-oldrel-macos-arm64 1.0.0 20.00 OK
r-oldrel-windows-x86_64 1.0.0 7.00 64.00 71.00 OK

Check Details

Version: 1.0.0
Check: package dependencies
Result: NOTE Package suggested but not available for checking: ‘AER’ Flavor: r-release-macos-x86_64