CRAN Package Check Results for Package primer

Last updated on 2022-05-20 15:52:15 CEST.

Flavor Version Tinstall Tcheck Ttotal Status Flags
r-devel-linux-x86_64-debian-clang 1.2.0 8.12 82.30 90.42 OK
r-devel-linux-x86_64-debian-gcc 1.2.0 6.49 61.32 67.81 OK
r-devel-linux-x86_64-fedora-clang 1.2.0 106.68 NOTE
r-devel-linux-x86_64-fedora-gcc 1.2.0 109.40 NOTE
r-devel-windows-x86_64 1.2.0 22.00 106.00 128.00 OK
r-patched-linux-x86_64 1.2.0 7.23 77.34 84.57 OK
r-release-linux-x86_64 1.2.0 7.91 78.82 86.73 OK
r-release-macos-arm64 1.2.0 33.00 NOTE
r-release-macos-x86_64 1.2.0 54.00 NOTE
r-release-windows-x86_64 1.2.0 25.00 107.00 132.00 OK
r-oldrel-macos-arm64 1.2.0 35.00 NOTE
r-oldrel-macos-x86_64 1.2.0 48.00 NOTE
r-oldrel-windows-ix86+x86_64 1.2.0 18.00 99.00 117.00 OK

Check Details

Version: 1.2.0
Check: dependencies in R code
Result: NOTE
    Namespaces in Imports field not imported from:
     ‘tidyr’ ‘utils’
     All declared Imports should be used.
Flavors: r-devel-linux-x86_64-fedora-clang, r-devel-linux-x86_64-fedora-gcc, r-release-macos-arm64, r-release-macos-x86_64, r-oldrel-macos-arm64, r-oldrel-macos-x86_64