CRAN Package Check Results for Package priceR

Last updated on 2022-06-26 03:50:09 CEST.

Flavor Version Tinstall Tcheck Ttotal Status Flags
r-devel-linux-x86_64-debian-clang 0.1.6 5.46 58.74 64.20 OK
r-devel-linux-x86_64-debian-gcc 0.1.6 4.81 43.84 48.65 OK
r-devel-linux-x86_64-fedora-clang 0.1.6 85.22 NOTE
r-devel-linux-x86_64-fedora-gcc 0.1.6 84.11 NOTE
r-devel-windows-x86_64 0.1.6 15.00 91.00 106.00 OK
r-patched-linux-x86_64 0.1.6 4.02 54.45 58.47 OK
r-release-linux-x86_64 0.1.6 6.22 54.59 60.81 OK
r-release-macos-arm64 0.1.6 50.00 NOTE
r-release-macos-x86_64 0.1.6 68.00 NOTE
r-release-windows-x86_64 0.1.6 17.00 92.00 109.00 OK
r-oldrel-macos-arm64 0.1.6 52.00 NOTE
r-oldrel-macos-x86_64 0.1.6 64.00 NOTE
r-oldrel-windows-ix86+x86_64 0.1.6 14.00 86.00 100.00 OK

Check Details

Version: 0.1.6
Check: dependencies in R code
Result: NOTE
    Namespaces in Imports field not imported from:
     ‘curl’ ‘lubridate’
     All declared Imports should be used.
Flavors: r-devel-linux-x86_64-fedora-clang, r-devel-linux-x86_64-fedora-gcc, r-release-macos-arm64, r-release-macos-x86_64, r-oldrel-macos-arm64, r-oldrel-macos-x86_64