CRAN Package Check Results for Package prettycode

Last updated on 2022-06-25 03:51:05 CEST.

Flavor Version Tinstall Tcheck Ttotal Status Flags
r-devel-linux-x86_64-debian-clang 1.1.0 2.29 26.62 28.91 NOTE
r-devel-linux-x86_64-debian-gcc 1.1.0 1.70 20.93 22.63 NOTE
r-devel-linux-x86_64-fedora-clang 1.1.0 46.07 NOTE
r-devel-linux-x86_64-fedora-gcc 1.1.0 45.34 NOTE
r-devel-windows-x86_64 1.1.0 32.00 50.00 82.00 NOTE
r-patched-linux-x86_64 1.1.0 2.45 26.49 28.94 NOTE
r-release-linux-x86_64 1.1.0 2.49 26.60 29.09 NOTE
r-release-macos-arm64 1.1.0 15.00 NOTE
r-release-macos-x86_64 1.1.0 23.00 NOTE
r-release-windows-x86_64 1.1.0 31.00 58.00 89.00 NOTE
r-oldrel-macos-arm64 1.1.0 21.00 NOTE
r-oldrel-macos-x86_64 1.1.0 31.00 NOTE
r-oldrel-windows-ix86+x86_64 1.1.0 5.00 45.00 50.00 NOTE

Check Details

Version: 1.1.0
Check: LazyData
Result: NOTE
     'LazyData' is specified without a 'data' directory
Flavors: r-devel-linux-x86_64-debian-clang, r-devel-linux-x86_64-debian-gcc, r-devel-linux-x86_64-fedora-clang, r-devel-linux-x86_64-fedora-gcc, r-devel-windows-x86_64, r-patched-linux-x86_64, r-release-linux-x86_64, r-release-macos-arm64, r-release-macos-x86_64, r-release-windows-x86_64, r-oldrel-macos-arm64, r-oldrel-macos-x86_64, r-oldrel-windows-ix86+x86_64