CRAN Package Check Results for Package presenter

Last updated on 2024-04-17 15:53:58 CEST.

Flavor Version Tinstall Tcheck Ttotal Status Flags
r-devel-linux-x86_64-debian-clang 0.1.2 3.52 68.83 72.35 NOTE
r-devel-linux-x86_64-debian-gcc 0.1.2 3.14 51.14 54.28 NOTE
r-devel-linux-x86_64-fedora-clang 0.1.2 89.62 NOTE
r-devel-linux-x86_64-fedora-gcc 0.1.2 99.66 NOTE
r-prerel-macos-arm64 0.1.2 41.00 NOTE
r-prerel-windows-x86_64 0.1.2 5.00 71.00 76.00 NOTE
r-patched-linux-x86_64 0.1.2 2.47 63.26 65.73 NOTE
r-release-linux-x86_64 0.1.2 2.60 64.47 67.07 OK
r-release-macos-arm64 0.1.2 43.00 OK
r-release-macos-x86_64 0.1.2 65.00 OK
r-release-windows-x86_64 0.1.2 7.00 82.00 89.00 OK
r-oldrel-macos-arm64 0.1.2 27.00 OK
r-oldrel-windows-x86_64 0.1.2 6.00 83.00 89.00 OK

Check Details

Version: 0.1.2
Check: Rd files
Result: NOTE checkRd: (-1) format_number.Rd:36: Lost braces in \itemize; meant \describe ? checkRd: (-1) format_number.Rd:37: Lost braces in \itemize; meant \describe ? checkRd: (-1) format_number.Rd:38: Lost braces in \itemize; meant \describe ? Flavors: r-devel-linux-x86_64-debian-clang, r-devel-linux-x86_64-debian-gcc, r-devel-linux-x86_64-fedora-clang, r-devel-linux-x86_64-fedora-gcc, r-prerel-macos-arm64, r-prerel-windows-x86_64, r-patched-linux-x86_64