Last updated on 2022-05-27 04:56:45 CEST.
Flavor | Version | Tinstall | Tcheck | Ttotal | Status | Flags |
---|---|---|---|---|---|---|
r-devel-linux-x86_64-debian-clang | 0.3.14 | 6.07 | 65.45 | 71.52 | NOTE | |
r-devel-linux-x86_64-debian-gcc | 0.3.14 | 4.90 | 49.38 | 54.28 | NOTE | |
r-devel-linux-x86_64-fedora-clang | 0.3.14 | 90.30 | NOTE | |||
r-devel-linux-x86_64-fedora-gcc | 0.3.14 | 99.94 | NOTE | |||
r-devel-windows-x86_64 | 0.3.14 | 59.00 | 81.00 | 140.00 | OK | |
r-patched-linux-x86_64 | 0.3.14 | 5.53 | 61.23 | 66.76 | NOTE | |
r-release-linux-x86_64 | 0.3.14 | 4.43 | 61.39 | 65.82 | NOTE | |
r-release-macos-arm64 | 0.3.14 | 29.00 | OK | |||
r-release-macos-x86_64 | 0.3.14 | 50.00 | NOTE | |||
r-release-windows-x86_64 | 0.3.14 | 51.00 | 77.00 | 128.00 | OK | |
r-oldrel-macos-arm64 | 0.3.14 | 36.00 | OK | |||
r-oldrel-macos-x86_64 | 0.3.14 | 68.00 | OK | |||
r-oldrel-windows-ix86+x86_64 | 0.3.14 | 11.00 | 68.00 | 79.00 | OK |
Version: 0.3.14
Check: package dependencies
Result: NOTE
Package which this enhances but not available for checking: 'ffbase'
Flavors: r-devel-linux-x86_64-debian-clang, r-devel-linux-x86_64-debian-gcc, r-devel-linux-x86_64-fedora-clang, r-devel-linux-x86_64-fedora-gcc, r-patched-linux-x86_64, r-release-linux-x86_64, r-release-macos-x86_64
Version: 0.3.14
Check: Rd cross-references
Result: NOTE
Unknown package 'ffbase' in Rd xrefs
Flavors: r-devel-linux-x86_64-debian-clang, r-devel-linux-x86_64-debian-gcc, r-devel-linux-x86_64-fedora-clang, r-devel-linux-x86_64-fedora-gcc, r-patched-linux-x86_64, r-release-linux-x86_64, r-release-macos-x86_64