Last updated on 2022-06-29 03:52:48 CEST.
Flavor | Version | Tinstall | Tcheck | Ttotal | Status | Flags |
---|---|---|---|---|---|---|
r-devel-linux-x86_64-debian-clang | 0.1.3.3 | 17.01 | 155.02 | 172.03 | NOTE | |
r-devel-linux-x86_64-debian-gcc | 0.1.3.3 | 14.01 | 114.20 | 128.21 | NOTE | |
r-devel-linux-x86_64-fedora-clang | 0.1.3.3 | 211.18 | NOTE | |||
r-devel-linux-x86_64-fedora-gcc | 0.1.3.3 | 204.55 | NOTE | |||
r-devel-windows-x86_64 | 0.1.3.3 | 46.00 | 172.00 | 218.00 | NOTE | |
r-patched-linux-x86_64 | 0.1.3.3 | 12.16 | 144.56 | 156.72 | NOTE | |
r-release-linux-x86_64 | 0.1.3.3 | 10.61 | 146.23 | 156.84 | NOTE | |
r-release-macos-arm64 | 0.1.3.3 | 52.00 | NOTE | |||
r-release-macos-x86_64 | 0.1.3.3 | 104.00 | NOTE | |||
r-release-windows-x86_64 | 0.1.3.3 | 33.00 | 174.00 | 207.00 | NOTE | |
r-oldrel-macos-arm64 | 0.1.3.3 | 60.00 | NOTE | |||
r-oldrel-macos-x86_64 | 0.1.3.3 | 88.00 | NOTE | |||
r-oldrel-windows-ix86+x86_64 | 0.1.3.3 | 35.00 | 172.00 | 207.00 | NOTE |
Version: 0.1.3.3
Check: LazyData
Result: NOTE
'LazyData' is specified without a 'data' directory
Flavors: r-devel-linux-x86_64-debian-clang, r-devel-linux-x86_64-debian-gcc, r-devel-linux-x86_64-fedora-clang, r-devel-linux-x86_64-fedora-gcc, r-devel-windows-x86_64, r-patched-linux-x86_64, r-release-linux-x86_64, r-release-macos-arm64, r-release-macos-x86_64, r-release-windows-x86_64, r-oldrel-macos-arm64, r-oldrel-macos-x86_64, r-oldrel-windows-ix86+x86_64
Version: 0.1.3.3
Check: dependencies in R code
Result: NOTE
Namespaces in Imports field not imported from:
‘TH.data’ ‘moonBook’
All declared Imports should be used.
Flavors: r-devel-linux-x86_64-fedora-clang, r-devel-linux-x86_64-fedora-gcc, r-release-macos-arm64, r-release-macos-x86_64, r-oldrel-macos-arm64, r-oldrel-macos-x86_64