Last updated on 2025-01-25 03:50:03 CET.
Flavor | Version | Tinstall | Tcheck | Ttotal | Status | Flags |
---|---|---|---|---|---|---|
r-devel-linux-x86_64-debian-clang | 1.0.7 | 14.58 | 326.59 | 341.17 | NOTE | |
r-devel-linux-x86_64-debian-gcc | 1.0.7 | 9.07 | 208.71 | 217.78 | NOTE | |
r-devel-linux-x86_64-fedora-clang | 1.0.7 | 553.54 | OK | |||
r-devel-linux-x86_64-fedora-gcc | 1.0.7 | 567.08 | NOTE | |||
r-devel-windows-x86_64 | 1.0.7 | 14.00 | 285.00 | 299.00 | NOTE | |
r-patched-linux-x86_64 | 1.0.7 | 17.53 | 309.88 | 327.41 | OK | |
r-release-linux-x86_64 | 1.0.7 | 12.62 | 311.79 | 324.41 | OK | |
r-release-macos-arm64 | 1.0.7 | 133.00 | OK | |||
r-release-macos-x86_64 | 1.0.7 | 227.00 | OK | |||
r-release-windows-x86_64 | 1.0.7 | 13.00 | 292.00 | 305.00 | OK | |
r-oldrel-macos-arm64 | 1.0.7 | 140.00 | OK | |||
r-oldrel-macos-x86_64 | 1.0.7 | 325.00 | OK | |||
r-oldrel-windows-x86_64 | 1.0.7 | 17.00 | 390.00 | 407.00 | OK |
Version: 1.0.7
Check: DESCRIPTION meta-information
Result: NOTE
Missing dependency on R >= 4.1.0 because package code uses the pipe
|> or function shorthand \(...) syntax added in R 4.1.0.
File(s) using such syntax:
‘mi_pre.R’
Flavors: r-devel-linux-x86_64-debian-clang, r-devel-linux-x86_64-debian-gcc, r-devel-linux-x86_64-fedora-gcc
Version: 1.0.7
Check: Rd cross-references
Result: NOTE
Found the following Rd file(s) with Rd \link{} targets missing package
anchors:
gpe.Rd: cv.glmnet
gpe_cv.glmnet.Rd: cv.glmnet
gpe_trees.Rd: ctree, glmtree, ctree_control, earth, cv.glmnet
rTerm.Rd: cv.glmnet
Please provide package anchors for all Rd \link{} targets not in the
package itself and the base packages.
Flavors: r-devel-linux-x86_64-debian-clang, r-devel-linux-x86_64-debian-gcc, r-devel-windows-x86_64