CRAN Package Check Results for Package prcr

Last updated on 2025-06-22 15:50:27 CEST.

Flavor Version Tinstall Tcheck Ttotal Status Flags
r-devel-linux-x86_64-debian-clang 0.2.1 5.55 58.19 63.74 OK
r-devel-linux-x86_64-debian-gcc 0.2.1 4.15 41.95 46.10 OK
r-devel-linux-x86_64-fedora-clang 0.2.1 97.54 NOTE
r-devel-linux-x86_64-fedora-gcc 0.2.1 104.58 NOTE
r-devel-windows-x86_64 0.2.1 8.00 69.00 77.00 OK
r-patched-linux-x86_64 0.2.1 5.12 52.51 57.63 OK
r-release-linux-x86_64 0.2.1 4.44 52.63 57.07 OK
r-release-macos-arm64 0.2.1 33.00 OK
r-release-macos-x86_64 0.2.1 62.00 OK
r-release-windows-x86_64 0.2.1 7.00 68.00 75.00 OK
r-oldrel-macos-arm64 0.2.1 34.00 OK
r-oldrel-macos-x86_64 0.2.1 48.00 OK
r-oldrel-windows-x86_64 0.2.1 9.00 85.00 94.00 OK

Check Details

Version: 0.2.1
Check: dependencies in R code
Result: NOTE Namespaces in Imports field not imported from: ‘class’ ‘forcats’ ‘irr’ ‘lpSolve’ ‘purrr’ All declared Imports should be used. Flavors: r-devel-linux-x86_64-fedora-clang, r-devel-linux-x86_64-fedora-gcc