CRAN Package Check Results for Package prcr

Last updated on 2022-05-16 03:53:39 CEST.

Flavor Version Tinstall Tcheck Ttotal Status Flags
r-devel-linux-x86_64-debian-clang 0.2.1 6.18 75.76 81.94 OK
r-devel-linux-x86_64-debian-gcc 0.2.1 4.10 56.05 60.15 OK
r-devel-linux-x86_64-fedora-clang 0.2.1 97.09 NOTE
r-devel-linux-x86_64-fedora-gcc 0.2.1 92.95 NOTE
r-devel-windows-x86_64 0.2.1 13.00 89.00 102.00 OK
r-patched-linux-x86_64 0.2.1 6.03 70.77 76.80 OK
r-release-linux-x86_64 0.2.1 6.40 71.21 77.61 OK
r-release-macos-arm64 0.2.1 29.00 NOTE
r-release-macos-x86_64 0.2.1 51.00 NOTE
r-release-windows-x86_64 0.2.1 15.00 99.00 114.00 OK
r-oldrel-macos-arm64 0.2.1 37.00 NOTE
r-oldrel-macos-x86_64 0.2.1 48.00 NOTE
r-oldrel-windows-ix86+x86_64 0.2.1 16.00 87.00 103.00 OK

Check Details

Version: 0.2.1
Check: dependencies in R code
Result: NOTE
    Namespaces in Imports field not imported from:
     ‘class’ ‘forcats’ ‘irr’ ‘lpSolve’ ‘purrr’
     All declared Imports should be used.
Flavors: r-devel-linux-x86_64-fedora-clang, r-devel-linux-x86_64-fedora-gcc, r-release-macos-arm64, r-release-macos-x86_64, r-oldrel-macos-arm64, r-oldrel-macos-x86_64