CRAN Package Check Results for Package postlogic

Last updated on 2022-09-28 15:50:02 CEST.

Flavor Version Tinstall Tcheck Ttotal Status Flags
r-devel-linux-x86_64-debian-clang 0.1.0.1 1.47 22.35 23.82 NOTE
r-devel-linux-x86_64-debian-gcc 0.1.0.1 1.51 17.75 19.26 NOTE
r-devel-linux-x86_64-fedora-clang 0.1.0.1 42.08 NOTE
r-devel-linux-x86_64-fedora-gcc 0.1.0.1 38.66 NOTE
r-devel-windows-x86_64 0.1.0.1 10.00 48.00 58.00 NOTE
r-patched-linux-x86_64 0.1.0.1 1.93 22.55 24.48 NOTE
r-release-linux-x86_64 0.1.0.1 1.32 21.63 22.95 NOTE
r-release-macos-arm64 0.1.0.1 15.00 NOTE
r-release-macos-x86_64 0.1.0.1 21.00 NOTE
r-release-windows-x86_64 0.1.0.1 13.00 48.00 61.00 NOTE
r-oldrel-macos-arm64 0.1.0.1 18.00 NOTE
r-oldrel-macos-x86_64 0.1.0.1 25.00 NOTE
r-oldrel-windows-ix86+x86_64 0.1.0.1 5.00 48.00 53.00 NOTE

Check Details

Version: 0.1.0.1
Check: LazyData
Result: NOTE
     'LazyData' is specified without a 'data' directory
Flavors: r-devel-linux-x86_64-debian-clang, r-devel-linux-x86_64-debian-gcc, r-devel-linux-x86_64-fedora-clang, r-devel-linux-x86_64-fedora-gcc, r-devel-windows-x86_64, r-patched-linux-x86_64, r-release-linux-x86_64, r-release-macos-arm64, r-release-macos-x86_64, r-release-windows-x86_64, r-oldrel-macos-arm64, r-oldrel-macos-x86_64, r-oldrel-windows-ix86+x86_64