CRAN Package Check Results for Package portvine

Last updated on 2022-09-25 15:56:50 CEST.

Flavor Version Tinstall Tcheck Ttotal Status Flags
r-devel-linux-x86_64-debian-clang 1.0.1 128.45 419.39 547.84 OK
r-devel-linux-x86_64-debian-gcc 1.0.1 121.31 307.16 428.47 OK
r-devel-linux-x86_64-fedora-clang 1.0.1 652.43 NOTE
r-devel-linux-x86_64-fedora-gcc 1.0.1 673.29 OK
r-devel-windows-x86_64 1.0.1 203.00 451.00 654.00 NOTE
r-patched-linux-x86_64 1.0.1 109.97 398.65 508.62 OK
r-release-linux-x86_64 1.0.1 116.27 390.50 506.77 OK
r-release-macos-arm64 1.0.1 176.00 NOTE
r-release-macos-x86_64 1.0.1 241.00 NOTE
r-release-windows-x86_64 1.0.1 194.00 445.00 639.00 NOTE
r-oldrel-macos-arm64 1.0.1 162.00 NOTE
r-oldrel-macos-x86_64 1.0.1 237.00 NOTE
r-oldrel-windows-ix86+x86_64 1.0.1 298.00 780.00 1078.00 NOTE

Check Details

Version: 1.0.1
Check: installed package size
Result: NOTE
     installed size is 5.4Mb
     sub-directories of 1Mb or more:
     libs 4.5Mb
Flavors: r-devel-linux-x86_64-fedora-clang, r-devel-windows-x86_64, r-release-macos-arm64, r-release-macos-x86_64, r-release-windows-x86_64, r-oldrel-macos-arm64, r-oldrel-macos-x86_64, r-oldrel-windows-ix86+x86_64