CRAN Package Check Results for Package polyqtlR

Last updated on 2022-05-17 04:50:40 CEST.

Flavor Version Tinstall Tcheck Ttotal Status Flags
r-devel-linux-x86_64-debian-clang 0.0.9 38.91 118.72 157.63 OK
r-devel-linux-x86_64-debian-gcc 0.0.9 31.04 85.87 116.91 OK
r-devel-linux-x86_64-fedora-clang 0.0.9 195.99 NOTE
r-devel-linux-x86_64-fedora-gcc 0.0.9 200.03 OK
r-devel-windows-x86_64 0.0.9 64.00 159.00 223.00 NOTE
r-patched-linux-x86_64 0.0.9 34.41 112.92 147.33 OK
r-release-linux-x86_64 0.0.9 24.99 113.18 138.17 OK
r-release-macos-arm64 0.0.9 55.00 NOTE
r-release-macos-x86_64 0.0.9 93.00 NOTE
r-release-windows-x86_64 0.0.9 78.00 162.00 240.00 NOTE
r-oldrel-macos-arm64 0.0.9 58.00 NOTE
r-oldrel-macos-x86_64 0.0.9 70.00 NOTE
r-oldrel-windows-ix86+x86_64 0.0.9 91.00 195.00 286.00 NOTE

Check Details

Version: 0.0.9
Check: installed package size
Result: NOTE
     installed size is 5.7Mb
     sub-directories of 1Mb or more:
     data 2.6Mb
     doc 1.7Mb
Flavors: r-devel-linux-x86_64-fedora-clang, r-devel-windows-x86_64, r-release-macos-arm64, r-release-macos-x86_64, r-release-windows-x86_64, r-oldrel-macos-arm64, r-oldrel-macos-x86_64, r-oldrel-windows-ix86+x86_64