CRAN Package Check Results for Package polypoly

Last updated on 2022-09-28 15:50:02 CEST.

Flavor Version Tinstall Tcheck Ttotal Status Flags
r-devel-linux-x86_64-debian-clang 0.0.2 2.23 45.76 47.99 NOTE
r-devel-linux-x86_64-debian-gcc 0.0.2 1.83 34.47 36.30 NOTE
r-devel-linux-x86_64-fedora-clang 0.0.2 69.54 NOTE
r-devel-linux-x86_64-fedora-gcc 0.0.2 66.23 NOTE
r-devel-windows-x86_64 0.0.2 11.00 76.00 87.00 NOTE
r-patched-linux-x86_64 0.0.2 2.41 44.07 46.48 NOTE
r-release-linux-x86_64 0.0.2 1.81 42.91 44.72 NOTE
r-release-macos-arm64 0.0.2 27.00 NOTE
r-release-macos-x86_64 0.0.2 41.00 NOTE
r-release-windows-x86_64 0.0.2 9.00 77.00 86.00 NOTE
r-oldrel-macos-arm64 0.0.2 37.00 NOTE
r-oldrel-macos-x86_64 0.0.2 38.00 NOTE
r-oldrel-windows-ix86+x86_64 0.0.2 7.00 65.00 72.00 NOTE

Check Details

Version: 0.0.2
Check: LazyData
Result: NOTE
     'LazyData' is specified without a 'data' directory
Flavors: r-devel-linux-x86_64-debian-clang, r-devel-linux-x86_64-debian-gcc, r-devel-linux-x86_64-fedora-clang, r-devel-linux-x86_64-fedora-gcc, r-devel-windows-x86_64, r-patched-linux-x86_64, r-release-linux-x86_64, r-release-macos-arm64, r-release-macos-x86_64, r-release-windows-x86_64, r-oldrel-macos-arm64, r-oldrel-macos-x86_64, r-oldrel-windows-ix86+x86_64