CRAN Package Check Results for Package politeness

Last updated on 2022-05-17 15:53:25 CEST.

Flavor Version Tinstall Tcheck Ttotal Status Flags
r-devel-linux-x86_64-debian-clang 0.8.6 11.12 145.84 156.96 OK
r-devel-linux-x86_64-debian-gcc 0.8.6 9.36 108.50 117.86 OK
r-devel-linux-x86_64-fedora-clang 0.8.6 186.13 NOTE
r-devel-linux-x86_64-fedora-gcc 0.8.6 190.93 NOTE
r-devel-windows-x86_64 0.8.6 39.00 156.00 195.00 OK
r-patched-linux-x86_64 0.8.6 14.38 136.00 150.38 OK
r-release-linux-x86_64 0.8.6 11.01 137.29 148.30 OK
r-release-macos-arm64 0.8.6 52.00 NOTE
r-release-macos-x86_64 0.8.6 99.00 NOTE
r-release-windows-x86_64 0.8.6 32.00 163.00 195.00 OK
r-oldrel-macos-arm64 0.8.6 58.00 NOTE
r-oldrel-macos-x86_64 0.8.6 69.00 NOTE
r-oldrel-windows-ix86+x86_64 0.8.6 24.00 153.00 177.00 OK

Check Details

Version: 0.8.6
Check: data for non-ASCII characters
Result: NOTE
     Note: found 52 marked UTF-8 strings
Flavors: r-devel-linux-x86_64-fedora-clang, r-devel-linux-x86_64-fedora-gcc, r-release-macos-arm64, r-release-macos-x86_64, r-oldrel-macos-arm64, r-oldrel-macos-x86_64