CRAN Package Check Results for Package poilog

Last updated on 2022-06-29 15:50:00 CEST.

Flavor Version Tinstall Tcheck Ttotal Status Flags
r-devel-linux-x86_64-debian-clang 0.4.1 2.26 31.26 33.52 OK
r-devel-linux-x86_64-debian-gcc 0.4.1 2.48 24.84 27.32 OK
r-devel-linux-x86_64-fedora-clang 0.4.1 53.19 NOTE
r-devel-linux-x86_64-fedora-gcc 0.4.1 52.90 NOTE
r-devel-windows-x86_64 0.4.1 13.00 63.00 76.00 OK
r-patched-linux-x86_64 0.4.1 2.53 32.51 35.04 OK
r-release-linux-x86_64 0.4.1 3.12 32.29 35.41 OK
r-release-macos-arm64 0.4.1 20.00 OK
r-release-macos-x86_64 0.4.1 27.00 OK
r-release-windows-x86_64 0.4.1 9.00 63.00 72.00 OK
r-oldrel-macos-arm64 0.4.1 19.00 OK
r-oldrel-macos-x86_64 0.4.1 25.00 OK
r-oldrel-windows-ix86+x86_64 0.4.1 7.00 81.00 88.00 OK

Check Details

Version: 0.4.1
Check: compiled code
Result: NOTE
    File ‘poilog/libs/poilog.so’:
     Found no calls to: ‘R_registerRoutines’, ‘R_useDynamicSymbols’
    
    It is good practice to register native routines and to disable symbol
    search.
    
    See ‘Writing portable packages’ in the ‘Writing R Extensions’ manual.
Flavors: r-devel-linux-x86_64-fedora-clang, r-devel-linux-x86_64-fedora-gcc