CRAN Package Check Results for Package poems

Last updated on 2022-08-15 03:52:55 CEST.

Flavor Version Tinstall Tcheck Ttotal Status Flags
r-devel-linux-x86_64-debian-clang 1.0.2 29.15 265.33 294.48 NOTE
r-devel-linux-x86_64-debian-gcc 1.0.2 21.67 194.03 215.70 NOTE
r-devel-linux-x86_64-fedora-clang 1.0.2 343.64 NOTE
r-devel-linux-x86_64-fedora-gcc 1.0.2 371.84 NOTE
r-devel-windows-x86_64 1.0.2 55.00 673.00 728.00 OK
r-patched-linux-x86_64 1.0.2 29.27 245.80 275.07 OK
r-release-linux-x86_64 1.0.2 25.56 247.60 273.16 OK
r-release-macos-arm64 1.0.2 92.00 NOTE
r-release-macos-x86_64 1.0.2 119.00 NOTE
r-release-windows-x86_64 1.0.2 55.00 680.00 735.00 OK
r-oldrel-macos-arm64 1.0.2 95.00 NOTE
r-oldrel-macos-x86_64 1.0.2 134.00 NOTE
r-oldrel-windows-ix86+x86_64 1.0.2 45.00 707.00 752.00 OK

Check Details

Version: 1.0.2
Check: HTML version of manual
Result: NOTE
    Found the following HTML validation problems:
    DispersalFriction.html:106:6: Warning: missing </span> before <p>
    DispersalFriction.html:106:99: Warning: inserting implicit <span>
    DispersalFriction.html:109:6: Warning: missing </span> before <p>
    DispersalFriction.html:109:107: Warning: inserting implicit <span>
    DispersalFriction.html:112:6: Warning: missing </span> before <p>
    DispersalFriction.html:112:105: Warning: inserting implicit <span>
    DispersalFriction.html:115:6: Warning: missing </span> before <p>
    DispersalFriction.html:115:100: Warning: inserting implicit <span>
    DispersalFriction.html:118:6: Warning: missing </span> before <p>
    DispersalFriction.html:118:100: Warning: inserting implicit <span>
    DispersalFriction.html:121:6: Warning: missing </span> before <p>
    DispersalFriction.html:121:96: Warning: inserting implicit <span>
    DispersalFriction.html:124:6: Warning: missing </span> before <p>
    DispersalFriction.html:124:95: Warning: inserting implicit <span>
    DispersalFriction.html:106:6: Warning: trimming empty <span>
    DispersalFriction.html:109:6: Warning: trimming empty <span>
    DispersalFriction.html:112:6: Warning: trimming empty <span>
    DispersalFriction.html:115:6: Warning: trimming empty <span>
    DispersalFriction.html:118:6: Warning: trimming empty <span>
    DispersalFriction.html:121:6: Warning: trimming empty <span>
    DispersalFriction.html:124:6: Warning: trimming empty <span>
    DispersalGenerator.html:169:6: Warning: missing </span> before <p>
    DispersalGenerator.html:169:99: Warning: inserting implicit <span>
    DispersalGenerator.html:172:6: Warning: missing </span> before <p>
    DispersalGenerator.html:172:107: Warning: inserting implicit <span>
    DispersalGenerator.html:175:6: Warning: missing </span> before <p>
    DispersalGenerator.html:175:105: Warning: inserting implicit <span>
    DispersalGenerator.html:178:6: Warning: missing </span> before <p>
    DispersalGenerator.html:178:100: Warning: inserting implicit <span>
    DispersalGenerator.html:181:6: Warning: missing </span> before <p>
    DispersalGenerator.html:181:108: Warning: inserting implicit <span>
    DispersalGenerator.html:184:6: Warning: missing </span> before <p>
    DispersalGenerator.html:184:100: Warning: inserting implicit <span>
    DispersalGenerator.html:187:6: Warning: missing </span> before <p>
    DispersalGenerator.html:187:104: Warning: inserting implicit <span>
    DispersalGenerator.html:190:6: Warning: missing </span> before <p>
    DispersalGenerator.html:190:110: Warning: inserting implicit <span>
    DispersalGenerator.html:193:6: Warning: missing </span> before <p>
    DispersalGenerator.html:193:91: Warning: inserting implicit <span>
    DispersalGenerator.html:196:6: Warning: missing </span> before <p>
    DispersalGenerator.html:196:97: Warning: inserting implicit <span>
    DispersalGenerator.html:199:6: Warning: missing </span> before <p>
    DispersalGenerator.html:199:92: Warning: inserting implicit <span>
    DispersalGenerator.html:202:6: Warning: missing </span> before <p>
    DispersalGenerator.html:202:92: Warning: inserting implicit <span>
    DispersalGenerator.html:205:6: Warning: missing </span> before <p>
    DispersalGenerator.html:205:95: Warning: inserting implicit <span>
    DispersalGenerator.html:208:6: Warning: missing </span> before <p>
    DispersalGenerator.html:208:102: Warning: inserting implicit <span>
    DispersalGenerator.html:169:6: Warning: trimming empty <span>
    DispersalGenerator.html:172:6: Warning: trimming empty <span>
    DispersalGenerator.html:175:6: Warning: trimming empty <span>
    DispersalGenerator.html:178:6: Warning: trimming empty <span>
    DispersalGenerator.html:181:6: Warning: trimming empty <span>
    DispersalGenerator.html:184:6: Warning: trimming empty <span>
    DispersalGenerator.html:187:6: Warning: trimming empty <span>
    DispersalGenerator.html:190:6: Warning: trimming empty <span>
    DispersalGenerator.html:193:6: Warning: trimming empty <span>
    DispersalGenerator.html:196:6: Warning: trimming empty <span>
    DispersalGenerator.html:199:6: Warning: trimming empty <span>
    DispersalGenerator.html:202:6: Warning: trimming empty <span>
    DispersalGenerator.html:205:6: Warning: trimming empty <span>
    DispersalGenerator.html:208:6: Warning: trimming empty <span>
    DispersalTemplate.html:119:6: Warning: missing </span> before <p>
    DispersalTemplate.html:119:102: Warning: inserting implicit <span>
    DispersalTemplate.html:119:6: Warning: trimming empty <span>
    Generator.html:156:6: Warning: missing </span> before <p>
    Generator.html:156:99: Warning: inserting implicit <span>
    Generator.html:159:6: Warning: missing </span> before <p>
    Generator.html:159:107: Warning: inserting implicit <span>
    Generator.html:162:6: Warning: missing </span> before <p>
    Generator.html:162:105: Warning: inserting implicit <span>
    Generator.html:165:6: Warning: missing </span> before <p>
    Generator.html:165:100: Warning: inserting implicit <span>
    Generator.html:156:6: Warning: trimming empty <span>
    Generator.html:159:6: Warning: trimming empty <span>
    Generator.html:162:6: Warning: trimming empty <span>
    Generator.html:165:6: Warning: trimming empty <span>
    GenericManager.html:102:6: Warning: missing </span> before <p>
    GenericManager.html:102:95: Warning: inserting implicit <span>
    GenericManager.html:102:6: Warning: trimming empty <span>
    LatinHypercubeSampler.html:105:6: Warning: missing </span> before <p>
    LatinHypercubeSampler.html:105:95: Warning: inserting implicit <span>
    LatinHypercubeSampler.html:105:6: Warning: trimming empty <span>
    PopulationModel.html:164:6: Warning: missing </span> before <p>
    PopulationModel.html:164:99: Warning: inserting implicit <span>
    PopulationModel.html:167:6: Warning: missing </span> before <p>
    PopulationModel.html:167:107: Warning: inserting implicit <span>
    PopulationModel.html:170:6: Warning: missing </span> before <p>
    PopulationModel.html:170:108: Warning: inserting implicit <span>
    PopulationModel.html:173:6: Warning: missing </span> before <p>
    PopulationModel.html:173:103: Warning: inserting implicit <span>
    PopulationModel.html:176:6: Warning: missing </span> before <p>
    PopulationModel.html:176:110: Warning: inserting implicit <span>
    PopulationModel.html:179:6: Warning: missing </span> before <p>
    PopulationModel.html:179:112: Warning: inserting implicit <span>
    PopulationModel.html:182:6: Warning: missing </span> before <p>
    PopulationModel.html:182:100: Warning: inserting implicit <span>
    PopulationModel.html:185:6: Warning: missing </span> before <p>
    PopulationModel.html:185:102: Warning: inserting implicit <span>
    PopulationModel.html:188:6: Warning: missing </span> before <p>
    PopulationModel.html:188:106: Warning: inserting implicit <span>
    PopulationModel.html:191:6: Warning: missing </span> before <p>
    PopulationModel.html:191:98: Warning: inserting implicit <span>
    PopulationModel.html:194:6: Warning: missing </span> before <p>
    PopulationModel.html:194:103: Warning: inserting implicit <span>
    PopulationModel.html:197:6: Warning: missing </span> before <p>
    PopulationModel.html:197:110: Warning: inserting implicit <span>
    PopulationModel.html:164:6: Warning: trimming empty <span>
    PopulationModel.html:167:6: Warning: trimming empty <span>
    PopulationModel.html:170:6: Warning: trimming empty <span>
    PopulationModel.html:173:6: Warning: trimming empty <span>
    PopulationModel.html:176:6: Warning: trimming empty <span>
    PopulationModel.html:179:6: Warning: trimming empty <span>
    PopulationModel.html:182:6: Warning: trimming empty <span>
    PopulationModel.html:185:6: Warning: trimming empty <span>
    PopulationModel.html:188:6: Warning: trimming empty <span>
    PopulationModel.html:191:6: Warning: trimming empty <span>
    PopulationModel.html:194:6: Warning: trimming empty <span>
    PopulationModel.html:197:6: Warning: trimming empty <span>
    PopulationResults.html:118:6: Warning: missing </span> before <p>
    PopulationResults.html:118:99: Warning: inserting implicit <span>
    PopulationResults.html:121:6: Warning: missing </span> before <p>
    PopulationResults.html:121:107: Warning: inserting implicit <span>
    PopulationResults.html:124:6: Warning: missing </span> before <p>
    PopulationResults.html:124:110: Warning: inserting implicit <span>
    PopulationResults.html:127:6: Warning: missing </span> before <p>
    PopulationResults.html:127:105: Warning: inserting implicit <span>
    PopulationResults.html:130:6: Warning: missing </span> before <p>
    PopulationResults.html:130:101: Warning: inserting implicit <span>
    PopulationResults.html:133:6: Warning: missing </span> before <p>
    PopulationResults.html:133:100: Warning: inserting implicit <span>
    PopulationResults.html:136:6: Warning: missing </span> before <p>
    PopulationResults.html:136:105: Warning: inserting implicit <span>
    PopulationResults.html:118:6: Warning: trimming empty <span>
    PopulationResults.html:121:6: Warning: trimming empty <span>
    PopulationResults.html:124:6: Warning: trimming empty <span>
    PopulationResults.html:127:6: Warning: trimming empty <span>
    PopulationResults.html:130:6: Warning: trimming empty <span>
    PopulationResults.html:133:6: Warning: trimming empty <span>
    PopulationResults.html:136:6: Warning: trimming empty <span>
    Region.html:95:6: Warning: missing </span> before <p>
    Region.html:95:95: Warning: inserting implicit <span>
    Region.html:95:6: Warning: trimming empty <span>
    ResultsManager.html:124:6: Warning: missing </span> before <p>
    ResultsManager.html:124:95: Warning: inserting implicit <span>
    ResultsManager.html:127:6: Warning: missing </span> before <p>
    ResultsManager.html:127:101: Warning: inserting implicit <span>
    ResultsManager.html:130:6: Warning: missing </span> before <p>
    ResultsManager.html:130:106: Warning: inserting implicit <span>
    ResultsManager.html:133:6: Warning: missing </span> before <p>
    ResultsManager.html:133:108: Warning: inserting implicit <span>
    ResultsManager.html:124:6: Warning: trimming empty <span>
    ResultsManager.html:127:6: Warning: trimming empty <span>
    ResultsManager.html:130:6: Warning: trimming empty <span>
    ResultsManager.html:133:6: Warning: trimming empty <span>
    SimulationManager.html:164:6: Warning: missing </span> before <p>
    SimulationManager.html:164:95: Warning: inserting implicit <span>
    SimulationManager.html:167:6: Warning: missing </span> before <p>
    SimulationManager.html:167:101: Warning: inserting implicit <span>
    SimulationManager.html:170:6: Warning: missing </span> before <p>
    SimulationManager.html:170:106: Warning: inserting implicit <span>
    SimulationManager.html:173:6: Warning: missing </span> before <p>
    SimulationManager.html:173:108: Warning: inserting implicit <span>
    SimulationManager.html:164:6: Warning: trimming empty <span>
    SimulationManager.html:167:6: Warning: trimming empty <span>
    SimulationManager.html:170:6: Warning: trimming empty <span>
    SimulationManager.html:173:6: Warning: trimming empty <span>
    SimulationModel.html:143:6: Warning: missing </span> before <p>
    SimulationModel.html:143:99: Warning: inserting implicit <span>
    SimulationModel.html:146:6: Warning: missing </span> before <p>
    SimulationModel.html:146:107: Warning: inserting implicit <span>
    SimulationModel.html:143:6: Warning: trimming empty <span>
    SimulationModel.html:146:6: Warning: trimming empty <span>
    SimulationResults.html:113:6: Warning: missing </span> before <p>
    SimulationResults.html:113:99: Warning: inserting implicit <span>
    SimulationResults.html:116:6: Warning: missing </span> before <p>
    SimulationResults.html:116:107: Warning: inserting implicit <span>
    SimulationResults.html:113:6: Warning: trimming empty <span>
    SimulationResults.html:116:6: Warning: trimming empty <span>
    SpatialCorrelation.html:128:6: Warning: missing </span> before <p>
    SpatialCorrelation.html:128:99: Warning: inserting implicit <span>
    SpatialCorrelation.html:131:6: Warning: missing </span> before <p>
    SpatialCorrelation.html:131:107: Warning: inserting implicit <span>
    SpatialCorrelation.html:134:6: Warning: missing </span> before <p>
    SpatialCorrelation.html:134:105: Warning: inserting implicit <span>
    SpatialCorrelation.html:137:6: Warning: missing </span> before <p>
    SpatialCorrelation.html:137:100: Warning: inserting implicit <span>
    SpatialCorrelation.html:140:6: Warning: missing </span> before <p>
    SpatialCorrelation.html:140:100: Warning: inserting implicit <span>
    SpatialCorrelation.html:143:6: Warning: missing </span> before <p>
    SpatialCorrelation.html:143:95: Warning: inserting implicit <span>
    SpatialCorrelation.html:128:6: Warning: trimming empty <span>
    SpatialCorrelation.html:131:6: Warning: trimming empty <span>
    SpatialCorrelation.html:134:6: Warning: trimming empty <span>
    SpatialCorrelation.html:137:6: Warning: trimming empty <span>
    SpatialCorrelation.html:140:6: Warning: trimming empty <span>
    SpatialCorrelation.html:143:6: Warning: trimming empty <span>
    SpatialModel.html:92:6: Warning: missing </span> before <p>
    SpatialModel.html:92:99: Warning: inserting implicit <span>
    SpatialModel.html:95:6: Warning: missing </span> before <p>
    SpatialModel.html:95:107: Warning: inserting implicit <span>
    SpatialModel.html:98:6: Warning: missing </span> before <p>
    SpatialModel.html:98:105: Warning: inserting implicit <span>
    SpatialModel.html:101:6: Warning: missing </span> before <p>
    SpatialModel.html:101:100: Warning: inserting implicit <span>
    SpatialModel.html:104:6: Warning: missing </span> before <p>
    SpatialModel.html:104:100: Warning: inserting implicit <span>
    SpatialModel.html:92:6: Warning: trimming empty <span>
    SpatialModel.html:95:6: Warning: trimming empty <span>
    SpatialModel.html:98:6: Warning: trimming empty <span>
    SpatialModel.html:101:6: Warning: trimming empty <span>
    SpatialModel.html:104:6: Warning: trimming empty <span>
    Validator.html:122:6: Warning: missing </span> before <p>
    Validator.html:122:99: Warning: inserting implicit <span>
    Validator.html:125:6: Warning: missing </span> before <p>
    Validator.html:125:107: Warning: inserting implicit <span>
    Validator.html:128:6: Warning: missing </span> before <p>
    Validator.html:128:105: Warning: inserting implicit <span>
    Validator.html:131:6: Warning: missing </span> before <p>
    Validator.html:131:100: Warning: inserting implicit <span>
    Validator.html:134:6: Warning: missing </span> before <p>
    Validator.html:134:95: Warning: inserting implicit <span>
    Validator.html:137:6: Warning: missing </span> before <p>
    Validator.html:137:100: Warning: inserting implicit <span>
    Validator.html:122:6: Warning: trimming empty <span>
    Validator.html:125:6: Warning: trimming empty <span>
    Validator.html:128:6: Warning: trimming empty <span>
    Validator.html:131:6: Warning: trimming empty <span>
    Validator.html:134:6: Warning: trimming empty <span>
    Validator.html:137:6: Warning: trimming empty <span>
Flavors: r-devel-linux-x86_64-debian-clang, r-devel-linux-x86_64-debian-gcc, r-devel-linux-x86_64-fedora-gcc

Version: 1.0.2
Check: dependencies in R code
Result: NOTE
    Namespaces in Imports field not imported from:
     ‘abc’ ‘doParallel’ ‘gdistance’ ‘geosphere’ ‘lhs’ ‘metRology’ ‘raster’
     ‘trend’
     All declared Imports should be used.
Flavors: r-devel-linux-x86_64-fedora-clang, r-devel-linux-x86_64-fedora-gcc, r-release-macos-arm64, r-release-macos-x86_64, r-oldrel-macos-arm64, r-oldrel-macos-x86_64