Last updated on 2023-09-25 04:00:51 CEST.
Flavor | Version | Tinstall | Tcheck | Ttotal | Status | Flags |
---|---|---|---|---|---|---|
r-devel-linux-x86_64-debian-clang | 0.9.10 | 9.66 | 84.03 | 93.69 | OK | |
r-devel-linux-x86_64-debian-gcc | 0.9.10 | 9.13 | 61.73 | 70.86 | OK | |
r-devel-linux-x86_64-fedora-clang | 0.9.10 | 110.94 | OK | |||
r-devel-linux-x86_64-fedora-gcc | 0.9.10 | 112.10 | OK | |||
r-devel-windows-x86_64 | 0.9.10 | 9.00 | 80.00 | 89.00 | OK | |
r-patched-linux-x86_64 | 0.9.10 | 7.53 | 80.54 | 88.07 | OK | |
r-release-linux-x86_64 | 0.9.10 | 9.58 | 80.52 | 90.10 | OK | |
r-release-macos-arm64 | 0.9.10 | 34.00 | NOTE | |||
r-release-macos-x86_64 | 0.9.10 | 51.00 | NOTE | |||
r-release-windows-x86_64 | 0.9.10 | 13.00 | 91.00 | 104.00 | OK | |
r-oldrel-macos-arm64 | 0.9.10 | 32.00 | NOTE | |||
r-oldrel-macos-x86_64 | 0.9.10 | 44.00 | NOTE | |||
r-oldrel-windows-x86_64 | 0.9.10 | 14.00 | 95.00 | 109.00 | OK |
Version: 0.9.10
Check: package dependencies
Result: NOTE
Package suggested but not available for checking: ‘Rmpi’
Flavors: r-release-macos-arm64, r-release-macos-x86_64, r-oldrel-macos-arm64, r-oldrel-macos-x86_64