CRAN Package Check Results for Package plsVarSel

Last updated on 2024-06-14 03:57:30 CEST.

Flavor Version Tinstall Tcheck Ttotal Status Flags
r-devel-linux-x86_64-debian-clang 0.9.12 9.91 76.69 86.60 OK
r-devel-linux-x86_64-debian-gcc 0.9.12 0.23 1.71 1.94 ERROR
r-devel-linux-x86_64-fedora-clang 0.9.12 106.72 OK
r-devel-linux-x86_64-fedora-gcc 0.9.12 101.57 OK
r-devel-windows-x86_64 0.9.12 8.00 73.00 81.00 OK
r-patched-linux-x86_64 0.9.12 11.39 73.79 85.18 OK
r-release-linux-x86_64 0.9.12 9.12 75.08 84.20 OK
r-release-macos-arm64 0.9.12 32.00 NOTE
r-release-macos-x86_64 0.9.12 48.00 NOTE
r-release-windows-x86_64 0.9.12 8.00 73.00 81.00 OK
r-oldrel-macos-arm64 0.9.12 36.00 NOTE
r-oldrel-macos-x86_64 0.9.12 81.00 NOTE
r-oldrel-windows-x86_64 0.9.12 11.00 86.00 97.00 OK

Check Details

Version: 0.9.12
Check: package dependencies
Result: ERROR Package required but not available: ‘progress’ See section ‘The DESCRIPTION file’ in the ‘Writing R Extensions’ manual. Flavor: r-devel-linux-x86_64-debian-gcc

Version: 0.9.12
Check: package dependencies
Result: NOTE Package suggested but not available for checking: ‘Rmpi’ Flavors: r-release-macos-arm64, r-release-macos-x86_64, r-oldrel-macos-arm64, r-oldrel-macos-x86_64