Last updated on 2022-05-16 15:53:20 CEST.
Flavor | Version | Tinstall | Tcheck | Ttotal | Status | Flags |
---|---|---|---|---|---|---|
r-devel-linux-x86_64-debian-clang | 1.7.6 | 0.94 | 12.14 | 13.08 | ERROR | |
r-devel-linux-x86_64-debian-gcc | 1.7.6 | 0.48 | 8.99 | 9.47 | ERROR | |
r-devel-linux-x86_64-fedora-clang | 1.7.6 | 13.09 | ERROR | |||
r-devel-linux-x86_64-fedora-gcc | 1.7.6 | 13.03 | ERROR | |||
r-devel-windows-x86_64 | 1.7.6 | 55.00 | 284.00 | 339.00 | OK | |
r-patched-linux-x86_64 | 1.7.6 | 32.47 | 275.36 | 307.83 | OK | |
r-release-linux-x86_64 | 1.7.6 | 33.58 | 271.06 | 304.64 | OK | |
r-release-macos-arm64 | 1.7.6 | 91.00 | OK | |||
r-release-macos-x86_64 | 1.7.6 | 157.00 | OK | |||
r-release-windows-x86_64 | 1.7.6 | 74.00 | 291.00 | 365.00 | OK | |
r-oldrel-macos-arm64 | 1.7.6 | 122.00 | OK | |||
r-oldrel-macos-x86_64 | 1.7.6 | 159.00 | OK | |||
r-oldrel-windows-ix86+x86_64 | 1.7.6 | 70.00 | 291.00 | 361.00 | OK |
Version: 1.7.6
Check: package dependencies
Result: ERROR
Package required but not available: 'survAUC'
See section 'The DESCRIPTION file' in the 'Writing R Extensions'
manual.
Flavors: r-devel-linux-x86_64-debian-clang, r-devel-linux-x86_64-debian-gcc, r-devel-linux-x86_64-fedora-clang, r-devel-linux-x86_64-fedora-gcc