CRAN Package Check Results for Package plotrr

Last updated on 2022-05-27 04:56:45 CEST.

Flavor Version Tinstall Tcheck Ttotal Status Flags
r-devel-linux-x86_64-debian-clang 1.0.0 1.95 61.01 62.96 NOTE
r-devel-linux-x86_64-debian-gcc 1.0.0 1.57 45.32 46.89 NOTE
r-devel-linux-x86_64-fedora-clang 1.0.0 73.81 NOTE
r-devel-linux-x86_64-fedora-gcc 1.0.0 63.26 NOTE
r-devel-windows-x86_64 1.0.0 10.00 80.00 90.00 NOTE
r-patched-linux-x86_64 1.0.0 2.54 57.04 59.58 NOTE
r-release-linux-x86_64 1.0.0 2.44 56.64 59.08 NOTE
r-release-macos-arm64 1.0.0 27.00 NOTE
r-release-macos-x86_64 1.0.0 47.00 NOTE
r-release-windows-x86_64 1.0.0 12.00 77.00 89.00 NOTE
r-oldrel-macos-arm64 1.0.0 37.00 NOTE
r-oldrel-macos-x86_64 1.0.0 47.00 NOTE
r-oldrel-windows-ix86+x86_64 1.0.0 7.00 71.00 78.00 NOTE

Check Details

Version: 1.0.0
Check: LazyData
Result: NOTE
     'LazyData' is specified without a 'data' directory
Flavors: r-devel-linux-x86_64-debian-clang, r-devel-linux-x86_64-debian-gcc, r-devel-linux-x86_64-fedora-clang, r-devel-linux-x86_64-fedora-gcc, r-devel-windows-x86_64, r-patched-linux-x86_64, r-release-linux-x86_64, r-release-macos-arm64, r-release-macos-x86_64, r-release-windows-x86_64, r-oldrel-macos-arm64, r-oldrel-macos-x86_64, r-oldrel-windows-ix86+x86_64

Version: 1.0.0
Check: dependencies in R code
Result: NOTE
    Namespaces in Imports field not imported from:
     ‘dplyr’ ‘stats’
     All declared Imports should be used.
Flavors: r-devel-linux-x86_64-fedora-clang, r-devel-linux-x86_64-fedora-gcc, r-release-macos-arm64, r-release-macos-x86_64, r-oldrel-macos-arm64, r-oldrel-macos-x86_64