CRAN Package Check Results for Package plotlyGeoAssets

Last updated on 2022-06-28 03:51:39 CEST.

Flavor Version Tinstall Tcheck Ttotal Status Flags
r-devel-linux-x86_64-debian-clang 0.0.2 1.82 21.24 23.06 NOTE
r-devel-linux-x86_64-debian-gcc 0.0.2 1.74 16.90 18.64 NOTE
r-devel-linux-x86_64-fedora-clang 0.0.2 39.43 NOTE
r-devel-linux-x86_64-fedora-gcc 0.0.2 38.84 NOTE
r-devel-windows-x86_64 0.0.2 23.00 47.00 70.00 NOTE
r-patched-linux-x86_64 0.0.2 2.15 20.71 22.86 NOTE
r-release-linux-x86_64 0.0.2 1.65 21.18 22.83 NOTE
r-release-macos-arm64 0.0.2 17.00 NOTE
r-release-macos-x86_64 0.0.2 20.00 NOTE
r-release-windows-x86_64 0.0.2 31.00 47.00 78.00 NOTE
r-oldrel-macos-arm64 0.0.2 18.00 NOTE
r-oldrel-macos-x86_64 0.0.2 25.00 NOTE
r-oldrel-windows-ix86+x86_64 0.0.2 8.00 41.00 49.00 NOTE

Check Details

Version: 0.0.2
Check: LazyData
Result: NOTE
     'LazyData' is specified without a 'data' directory
Flavors: r-devel-linux-x86_64-debian-clang, r-devel-linux-x86_64-debian-gcc, r-devel-linux-x86_64-fedora-clang, r-devel-linux-x86_64-fedora-gcc, r-devel-windows-x86_64, r-patched-linux-x86_64, r-release-linux-x86_64, r-release-macos-arm64, r-release-macos-x86_64, r-release-windows-x86_64, r-oldrel-macos-arm64, r-oldrel-macos-x86_64, r-oldrel-windows-ix86+x86_64