Last updated on 2022-05-28 15:51:04 CEST.
Flavor | Version | Tinstall | Tcheck | Ttotal | Status | Flags |
---|---|---|---|---|---|---|
r-devel-linux-x86_64-debian-clang | 4.10.0 | 22.71 | 275.17 | 297.88 | OK | |
r-devel-linux-x86_64-debian-gcc | 4.10.0 | 14.67 | 196.71 | 211.38 | OK | |
r-devel-linux-x86_64-fedora-clang | 4.10.0 | 326.91 | NOTE | |||
r-devel-linux-x86_64-fedora-gcc | 4.10.0 | 308.48 | OK | |||
r-devel-windows-x86_64 | 4.10.0 | 439.00 | 297.00 | 736.00 | NOTE | |
r-patched-linux-x86_64 | 4.10.0 | 19.60 | 253.41 | 273.01 | OK | |
r-release-linux-x86_64 | 4.10.0 | 15.32 | 248.39 | 263.71 | OK | |
r-release-macos-arm64 | 4.10.0 | 82.00 | NOTE | |||
r-release-macos-x86_64 | 4.10.0 | 151.00 | NOTE | |||
r-release-windows-x86_64 | 4.10.0 | 495.00 | 285.00 | 780.00 | NOTE | |
r-oldrel-macos-arm64 | 4.10.0 | 99.00 | NOTE | |||
r-oldrel-macos-x86_64 | 4.10.0 | 115.00 | NOTE | |||
r-oldrel-windows-ix86+x86_64 | 4.10.0 | 35.00 | 287.00 | 322.00 | NOTE |
Version: 4.10.0
Check: installed package size
Result: NOTE
installed size is 7.1Mb
sub-directories of 1Mb or more:
htmlwidgets 4.0Mb
Flavors: r-devel-linux-x86_64-fedora-clang, r-devel-windows-x86_64, r-release-macos-arm64, r-release-macos-x86_64, r-release-windows-x86_64, r-oldrel-macos-arm64, r-oldrel-macos-x86_64, r-oldrel-windows-ix86+x86_64