Last updated on 2022-06-28 03:51:39 CEST.
Flavor | Version | Tinstall | Tcheck | Ttotal | Status | Flags |
---|---|---|---|---|---|---|
r-devel-linux-x86_64-debian-clang | 0.1.9 | 10.72 | 80.37 | 91.09 | NOTE | |
r-devel-linux-x86_64-debian-gcc | 0.1.9 | 8.05 | 58.29 | 66.34 | NOTE | |
r-devel-linux-x86_64-fedora-clang | 0.1.9 | 115.77 | NOTE | |||
r-devel-linux-x86_64-fedora-gcc | 0.1.9 | 113.23 | NOTE | |||
r-devel-windows-x86_64 | 0.1.9 | 57.00 | 99.00 | 156.00 | NOTE | |
r-patched-linux-x86_64 | 0.1.9 | 8.75 | 73.55 | 82.30 | NOTE | |
r-release-linux-x86_64 | 0.1.9 | 9.51 | 74.14 | 83.65 | NOTE | |
r-release-macos-arm64 | 0.1.9 | 29.00 | NOTE | |||
r-release-macos-x86_64 | 0.1.9 | 58.00 | NOTE | |||
r-release-windows-x86_64 | 0.1.9 | 51.00 | 104.00 | 155.00 | NOTE | |
r-oldrel-macos-arm64 | 0.1.9 | 39.00 | NOTE | |||
r-oldrel-macos-x86_64 | 0.1.9 | 59.00 | NOTE | |||
r-oldrel-windows-ix86+x86_64 | 0.1.9 | 23.00 | 96.00 | 119.00 | NOTE |
Version: 0.1.9
Check: LazyData
Result: NOTE
'LazyData' is specified without a 'data' directory
Flavors: r-devel-linux-x86_64-debian-clang, r-devel-linux-x86_64-debian-gcc, r-devel-linux-x86_64-fedora-clang, r-devel-linux-x86_64-fedora-gcc, r-devel-windows-x86_64, r-patched-linux-x86_64, r-release-linux-x86_64, r-release-macos-arm64, r-release-macos-x86_64, r-release-windows-x86_64, r-oldrel-macos-arm64, r-oldrel-macos-x86_64, r-oldrel-windows-ix86+x86_64