CRAN Package Check Results for Package plinkQC

Last updated on 2022-05-17 15:53:24 CEST.

Flavor Version Tinstall Tcheck Ttotal Status Flags
r-devel-linux-x86_64-debian-clang 0.3.4 10.19 129.05 139.24 OK
r-devel-linux-x86_64-debian-gcc 0.3.4 7.60 96.54 104.14 OK
r-devel-linux-x86_64-fedora-clang 0.3.4 160.58 OK
r-devel-linux-x86_64-fedora-gcc 0.3.4 160.60 OK
r-devel-windows-x86_64 0.3.4 45.00 138.00 183.00 ERROR
r-patched-linux-x86_64 0.3.4 8.31 121.45 129.76 OK
r-release-linux-x86_64 0.3.4 11.03 121.40 132.43 OK
r-release-macos-arm64 0.3.4 58.00 OK
r-release-macos-x86_64 0.3.4 92.00 OK
r-release-windows-x86_64 0.3.4 59.00 169.00 228.00 OK
r-oldrel-macos-arm64 0.3.4 50.00 OK
r-oldrel-macos-x86_64 0.3.4 51.00 OK
r-oldrel-windows-ix86+x86_64 0.3.4 22.00 177.00 199.00 OK

Check Details

Version: 0.3.4
Check: re-building of vignette outputs
Result: ERROR
    Error(s) in re-building vignettes:
    --- re-building 'AncestryCheck.Rmd' using rmarkdown
    Could not fetch http://www.zotero.org/styles/plos
    HttpExceptionRequest Request {
     host = "www.zotero.org"
     port = 80
     secure = False
     requestHeaders = []
     path = "/styles/plos"
     queryString = ""
     method = "GET"
     proxy = Nothing
     rawBody = False
     redirectCount = 10
     responseTimeout = ResponseTimeoutDefault
     requestVersion = HTTP/1.1
    }
     NoResponseDataReceived
    Error: processing vignette 'AncestryCheck.Rmd' failed with diagnostics:
    pandoc document conversion failed with error 61
    --- failed re-building 'AncestryCheck.Rmd'
    
    --- re-building 'Genomes1000.Rmd' using rmarkdown
    Could not fetch http://www.zotero.org/styles/plos
    HttpExceptionRequest Request {
     host = "www.zotero.org"
     port = 80
     secure = False
     requestHeaders = []
     path = "/styles/plos"
     queryString = ""
     method = "GET"
     proxy = Nothing
     rawBody = False
     redirectCount = 10
     responseTimeout = ResponseTimeoutDefault
     requestVersion = HTTP/1.1
    }
     NoResponseDataReceived
    Error: processing vignette 'Genomes1000.Rmd' failed with diagnostics:
    pandoc document conversion failed with error 61
    --- failed re-building 'Genomes1000.Rmd'
    
    --- re-building 'HapMap.Rmd' using rmarkdown
    Could not fetch http://www.zotero.org/styles/plos
    HttpExceptionRequest Request {
     host = "www.zotero.org"
     port = 80
     secure = False
     requestHeaders = []
     path = "/styles/plos"
     queryString = ""
     method = "GET"
     proxy = Nothing
     rawBody = False
     redirectCount = 10
     responseTimeout = ResponseTimeoutDefault
     requestVersion = HTTP/1.1
    }
     NoResponseDataReceived
    Error: processing vignette 'HapMap.Rmd' failed with diagnostics:
    pandoc document conversion failed with error 61
    --- failed re-building 'HapMap.Rmd'
    
    --- re-building 'plinkQC.Rmd' using rmarkdown
    Could not fetch http://www.zotero.org/styles/plos
    HttpExceptionRequest Request {
     host = "www.zotero.org"
     port = 80
     secure = False
     requestHeaders = []
     path = "/styles/plos"
     queryString = ""
     method = "GET"
     proxy = Nothing
     rawBody = False
     redirectCount = 10
     responseTimeout = ResponseTimeoutDefault
     requestVersion = HTTP/1.1
    }
     NoResponseDataReceived
    Error: processing vignette 'plinkQC.Rmd' failed with diagnostics:
    pandoc document conversion failed with error 61
    --- failed re-building 'plinkQC.Rmd'
    
    SUMMARY: processing the following files failed:
     'AncestryCheck.Rmd' 'Genomes1000.Rmd' 'HapMap.Rmd' 'plinkQC.Rmd'
    
    Error: Vignette re-building failed.
    Execution halted
Flavor: r-devel-windows-x86_64