Last updated on 2022-07-02 03:51:35 CEST.
Flavor | Version | Tinstall | Tcheck | Ttotal | Status | Flags |
---|---|---|---|---|---|---|
r-devel-linux-x86_64-debian-clang | 0.4.2 | 9.72 | 51.75 | 61.47 | OK | |
r-devel-linux-x86_64-debian-gcc | 0.4.2 | 10.07 | 38.58 | 48.65 | OK | |
r-devel-linux-x86_64-fedora-clang | 0.4.2 | 85.89 | NOTE | |||
r-devel-linux-x86_64-fedora-gcc | 0.4.2 | 95.75 | OK | |||
r-devel-windows-x86_64 | 0.4.2 | 41.00 | 78.00 | 119.00 | OK | |
r-patched-linux-x86_64 | 0.4.2 | 13.91 | 49.09 | 63.00 | OK | |
r-release-linux-x86_64 | 0.4.2 | 9.68 | 48.72 | 58.40 | OK | |
r-release-macos-arm64 | 0.4.2 | 27.00 | OK | |||
r-release-macos-x86_64 | 0.4.2 | 38.00 | OK | |||
r-release-windows-x86_64 | 0.4.2 | 69.00 | 78.00 | 147.00 | OK | |
r-oldrel-macos-arm64 | 0.4.2 | 27.00 | OK | |||
r-oldrel-macos-x86_64 | 0.4.2 | 40.00 | OK | |||
r-oldrel-windows-ix86+x86_64 | 0.4.2 | 23.00 | 70.00 | 93.00 | OK |
Version: 0.4.2
Check: Rd cross-references
Result: NOTE
Undeclared package ‘htmlwidgets’ in Rd xrefs
Flavor: r-devel-linux-x86_64-fedora-clang