Last updated on 2022-07-02 03:51:35 CEST.
Flavor | Version | Tinstall | Tcheck | Ttotal | Status | Flags |
---|---|---|---|---|---|---|
r-devel-linux-x86_64-debian-clang | 1.3.0 | 5.38 | 129.41 | 134.79 | OK | |
r-devel-linux-x86_64-debian-gcc | 1.3.0 | 4.01 | 96.80 | 100.81 | OK | |
r-devel-linux-x86_64-fedora-clang | 1.3.0 | 178.32 | OK | |||
r-devel-linux-x86_64-fedora-gcc | 1.3.0 | 293.89 | OK | |||
r-devel-windows-x86_64 | 1.3.0 | 89.00 | 173.00 | 262.00 | OK | |
r-patched-linux-x86_64 | 1.3.0 | 7.12 | 121.05 | 128.17 | OK | |
r-release-linux-x86_64 | 1.3.0 | 5.33 | 121.10 | 126.43 | OK | |
r-release-macos-arm64 | 1.3.0 | 106.00 | OK | |||
r-release-macos-x86_64 | 1.3.0 | 158.00 | OK | |||
r-release-windows-x86_64 | 1.3.0 | 133.00 | 172.00 | 305.00 | OK | |
r-oldrel-macos-arm64 | 1.3.0 | 104.00 | OK | |||
r-oldrel-macos-x86_64 | 1.3.0 | 138.00 | OK | |||
r-oldrel-windows-ix86+x86_64 | 1.3.0 | 3.00 | 9.00 | 12.00 | ERROR |
Version: 1.3.0
Check: package dependencies
Result: ERROR
Package required and available but unsuitable version: 'rlang'
See section 'The DESCRIPTION file' in the 'Writing R Extensions'
manual.
Flavor: r-oldrel-windows-ix86+x86_64