CRAN Package Check Results for Package pimeta

Last updated on 2022-09-28 03:55:01 CEST.

Flavor Version Tinstall Tcheck Ttotal Status Flags
r-devel-linux-x86_64-debian-clang 1.1.3 47.62 63.99 111.61 OK
r-devel-linux-x86_64-debian-gcc 1.1.3 33.92 46.71 80.63 OK
r-devel-linux-x86_64-fedora-clang 1.1.3 147.78 NOTE
r-devel-linux-x86_64-fedora-gcc 1.1.3 138.93 NOTE
r-devel-windows-x86_64 1.1.3 39.00 110.00 149.00 OK
r-patched-linux-x86_64 1.1.3 35.09 59.55 94.64 OK
r-release-linux-x86_64 1.1.3 33.01 59.85 92.86 OK
r-release-macos-arm64 1.1.3 45.00 NOTE
r-release-macos-x86_64 1.1.3 85.00 NOTE
r-release-windows-x86_64 1.1.3 42.00 106.00 148.00 OK
r-oldrel-macos-arm64 1.1.3 58.00 NOTE
r-oldrel-macos-x86_64 1.1.3 84.00 NOTE
r-oldrel-windows-ix86+x86_64 1.1.3 94.00 113.00 207.00 OK

Check Details

Version: 1.1.3
Check: dependencies in R code
Result: NOTE
    Namespace in Imports field not imported from: ‘utils’
     All declared Imports should be used.
Flavors: r-devel-linux-x86_64-fedora-clang, r-devel-linux-x86_64-fedora-gcc, r-release-macos-arm64, r-release-macos-x86_64, r-oldrel-macos-arm64, r-oldrel-macos-x86_64

Version: 1.1.3
Check: installed package size
Result: NOTE
     installed size is 12.4Mb
     sub-directories of 1Mb or more:
     libs 12.1Mb
Flavors: r-release-macos-arm64, r-release-macos-x86_64, r-oldrel-macos-arm64, r-oldrel-macos-x86_64