Last updated on 2022-05-18 15:49:10 CEST.
Flavor | Version | Tinstall | Tcheck | Ttotal | Status | Flags |
---|---|---|---|---|---|---|
r-devel-linux-x86_64-debian-clang | 2.6.2 | 8.22 | 79.14 | 87.36 | OK | |
r-devel-linux-x86_64-debian-gcc | 2.6.2 | 7.25 | 59.07 | 66.32 | OK | |
r-devel-linux-x86_64-fedora-clang | 2.6.2 | 103.03 | NOTE | |||
r-devel-linux-x86_64-fedora-gcc | 2.6.2 | 103.89 | OK | |||
r-devel-windows-x86_64 | 2.6.2 | 37.00 | 96.00 | 133.00 | OK | |
r-patched-linux-x86_64 | 2.6.2 | 8.14 | 73.21 | 81.35 | OK | |
r-release-linux-x86_64 | 2.6.2 | 6.10 | 73.20 | 79.30 | OK | |
r-release-macos-arm64 | 2.6.2 | 32.00 | OK | |||
r-release-macos-x86_64 | 2.6.2 | 46.00 | OK | |||
r-release-windows-x86_64 | 2.6.2 | 24.00 | 97.00 | 121.00 | OK | |
r-oldrel-macos-arm64 | 2.6.2 | 40.00 | OK | |||
r-oldrel-macos-x86_64 | 2.6.2 | 60.00 | OK | |||
r-oldrel-windows-ix86+x86_64 | 2.6.2 | 24.00 | 143.00 | 167.00 | OK |
Version: 2.6.2
Check: Rd cross-references
Result: NOTE
Undeclared packages ‘future’, ‘geiger’, ‘caper’ in Rd xrefs
Flavor: r-devel-linux-x86_64-fedora-clang