Last updated on 2022-06-28 15:53:24 CEST.
Flavor | Version | Tinstall | Tcheck | Ttotal | Status | Flags |
---|---|---|---|---|---|---|
r-devel-linux-x86_64-debian-clang | 2.4.2 | 36.26 | 266.06 | 302.32 | OK | |
r-devel-linux-x86_64-debian-gcc | 2.4.2 | 27.07 | 199.22 | 226.29 | OK | |
r-devel-linux-x86_64-fedora-clang | 2.4.2 | 360.18 | WARN | |||
r-devel-linux-x86_64-fedora-gcc | 2.4.2 | 366.68 | WARN | |||
r-devel-windows-x86_64 | 2.4.2 | 66.00 | 260.00 | 326.00 | OK | |
r-patched-linux-x86_64 | 2.4.2 | 39.02 | 255.68 | 294.70 | OK | |
r-release-linux-x86_64 | 2.4.2 | 30.34 | 262.28 | 292.62 | OK | |
r-release-macos-arm64 | 2.4.2 | 76.00 | OK | |||
r-release-macos-x86_64 | 2.4.2 | 128.00 | OK | |||
r-release-windows-x86_64 | 2.4.2 | 82.00 | 269.00 | 351.00 | OK | |
r-oldrel-macos-arm64 | 2.4.2 | 46.00 | OK | |||
r-oldrel-macos-x86_64 | 2.4.2 | 73.00 | OK | |||
r-oldrel-windows-ix86+x86_64 | 2.4.2 | 68.00 | 269.00 | 337.00 | OK |
Version: 2.4.2
Check: package dependencies
Result: WARN
Requires orphaned package: ‘gtools’
Flavors: r-devel-linux-x86_64-fedora-clang, r-devel-linux-x86_64-fedora-gcc