CRAN Package Check Results for Package phateR

Last updated on 2024-06-14 03:57:30 CEST.

Flavor Version Tinstall Tcheck Ttotal Status Flags
r-devel-linux-x86_64-debian-clang 1.0.7 10.19 99.15 109.34 OK
r-devel-linux-x86_64-debian-gcc 1.0.7 0.68 1.63 2.31 ERROR
r-devel-linux-x86_64-fedora-clang 1.0.7 142.40 OK
r-devel-linux-x86_64-fedora-gcc 1.0.7 127.87 OK
r-devel-windows-x86_64 1.0.7 11.00 104.00 115.00 OK
r-patched-linux-x86_64 1.0.7 11.94 96.22 108.16 OK
r-release-linux-x86_64 1.0.7 11.06 93.90 104.96 OK
r-release-macos-arm64 1.0.7 35.00 OK
r-release-macos-x86_64 1.0.7 61.00 OK
r-release-windows-x86_64 1.0.7 11.00 114.00 125.00 OK
r-oldrel-macos-arm64 1.0.7 43.00 OK
r-oldrel-macos-x86_64 1.0.7 71.00 OK
r-oldrel-windows-x86_64 1.0.7 14.00 115.00 129.00 OK

Check Details

Version: 1.0.7
Check: package dependencies
Result: ERROR Package required but not available: ‘ggplot2’ Package suggested but not available for checking: ‘cowplot’ See section ‘The DESCRIPTION file’ in the ‘Writing R Extensions’ manual. Flavor: r-devel-linux-x86_64-debian-gcc