CRAN Package Check Results for Package phangorn

Last updated on 2022-01-22 15:52:20 CET.

Flavor Version Tinstall Tcheck Ttotal Status Flags
r-devel-linux-x86_64-debian-clang 2.8.1 67.22 298.44 365.66 OK
r-devel-linux-x86_64-debian-gcc 2.8.1 51.12 221.69 272.81 OK
r-devel-linux-x86_64-fedora-clang 2.8.1 449.29 NOTE
r-devel-linux-x86_64-fedora-gcc 2.8.1 424.33 OK
r-devel-windows-x86_64-new-UL 2.8.1 308.00 367.00 675.00 NOTE
r-devel-windows-x86_64-new-TK 2.8.1 OK
r-patched-linux-x86_64 2.8.1 66.72 300.83 367.55 OK
r-release-linux-x86_64 2.8.1 59.06 309.24 368.30 OK
r-release-macos-arm64 2.8.1 NOTE
r-release-macos-x86_64 2.8.1 NOTE
r-release-windows-ix86+x86_64 2.8.1 139.00 429.00 568.00 NOTE
r-oldrel-macos-x86_64 2.7.1 NOTE
r-oldrel-windows-ix86+x86_64 2.7.1 103.00 397.00 500.00 NOTE

Check Details

Version: 2.8.1
Check: installed package size
Result: NOTE
     installed size is 7.2Mb
     sub-directories of 1Mb or more:
     doc 1.6Mb
     libs 3.3Mb
Flavors: r-devel-linux-x86_64-fedora-clang, r-devel-windows-x86_64-new-UL, r-release-macos-arm64, r-release-macos-x86_64, r-release-windows-ix86+x86_64

Version: 2.7.1
Check: package dependencies
Result: NOTE
    Package suggested but not available for checking: ‘seqLogo’
Flavor: r-oldrel-macos-x86_64

Version: 2.7.1
Check: installed package size
Result: NOTE
     installed size is 7.8Mb
     sub-directories of 1Mb or more:
     doc 1.5Mb
     libs 3.9Mb
Flavors: r-oldrel-macos-x86_64, r-oldrel-windows-ix86+x86_64