CRAN Package Check Results for Package pgraph

Last updated on 2022-05-27 15:51:46 CEST.

Flavor Version Tinstall Tcheck Ttotal Status Flags
r-devel-linux-x86_64-debian-clang 1.6 7.22 84.81 92.03 NOTE
r-devel-linux-x86_64-debian-gcc 1.6 6.91 64.12 71.03 NOTE
r-devel-linux-x86_64-fedora-clang 1.6 108.44 NOTE
r-devel-linux-x86_64-fedora-gcc 1.6 97.86 NOTE
r-devel-windows-x86_64 1.6 12.00 95.00 107.00 NOTE
r-patched-linux-x86_64 1.6 6.54 80.62 87.16 NOTE
r-release-linux-x86_64 1.6 7.48 80.69 88.17 NOTE
r-release-macos-arm64 1.6 33.00 NOTE
r-release-macos-x86_64 1.6 45.00 NOTE
r-release-windows-x86_64 1.6 13.00 97.00 110.00 NOTE
r-oldrel-macos-arm64 1.6 37.00 NOTE
r-oldrel-macos-x86_64 1.6 55.00 NOTE
r-oldrel-windows-ix86+x86_64 1.6 18.00 98.00 116.00 NOTE

Check Details

Version: 1.6
Check: LazyData
Result: NOTE
     'LazyData' is specified without a 'data' directory
Flavors: r-devel-linux-x86_64-debian-clang, r-devel-linux-x86_64-debian-gcc, r-devel-linux-x86_64-fedora-clang, r-devel-linux-x86_64-fedora-gcc, r-devel-windows-x86_64, r-patched-linux-x86_64, r-release-linux-x86_64, r-release-macos-arm64, r-release-macos-x86_64, r-release-windows-x86_64, r-oldrel-macos-arm64, r-oldrel-macos-x86_64, r-oldrel-windows-ix86+x86_64