CRAN Package Check Results for Package pestr

Last updated on 2022-09-26 03:56:14 CEST.

Flavor Version Tinstall Tcheck Ttotal Status Flags
r-devel-linux-x86_64-debian-clang 0.8.2 3.55 47.15 50.70 NOTE
r-devel-linux-x86_64-debian-gcc 0.8.2 2.73 36.26 38.99 NOTE
r-devel-linux-x86_64-fedora-clang 0.8.2 72.24 NOTE
r-devel-linux-x86_64-fedora-gcc 0.8.2 69.59 NOTE
r-devel-windows-x86_64 0.8.2 7.00 77.00 84.00 NOTE
r-patched-linux-x86_64 0.8.2 3.09 44.26 47.35 NOTE
r-release-linux-x86_64 0.8.2 2.91 45.52 48.43 NOTE
r-release-macos-arm64 0.8.2 23.00 NOTE
r-release-macos-x86_64 0.8.2 41.00 NOTE
r-release-windows-x86_64 0.8.2 17.00 77.00 94.00 NOTE
r-oldrel-macos-arm64 0.8.2 22.00 NOTE
r-oldrel-macos-x86_64 0.8.2 40.00 NOTE
r-oldrel-windows-ix86+x86_64 0.8.2 9.00 73.00 82.00 NOTE

Check Details

Version: 0.8.2
Check: package subdirectories
Result: NOTE
    Problems with news in 'NEWS.md':
     Cannot extract version info from the following section titles:
     Fixed issues
Flavors: r-devel-linux-x86_64-debian-clang, r-devel-linux-x86_64-debian-gcc, r-devel-linux-x86_64-fedora-clang, r-devel-linux-x86_64-fedora-gcc, r-devel-windows-x86_64

Version: 0.8.2
Check: LazyData
Result: NOTE
     'LazyData' is specified without a 'data' directory
Flavors: r-devel-linux-x86_64-debian-clang, r-devel-linux-x86_64-debian-gcc, r-devel-linux-x86_64-fedora-clang, r-devel-linux-x86_64-fedora-gcc, r-devel-windows-x86_64, r-patched-linux-x86_64, r-release-linux-x86_64, r-release-macos-arm64, r-release-macos-x86_64, r-release-windows-x86_64, r-oldrel-macos-arm64, r-oldrel-macos-x86_64, r-oldrel-windows-ix86+x86_64