CRAN Package Check Results for Package performance

Last updated on 2022-05-19 15:53:26 CEST.

Flavor Version Tinstall Tcheck Ttotal Status Flags
r-devel-linux-x86_64-debian-clang 0.9.0 15.12 187.64 202.76 OK
r-devel-linux-x86_64-debian-gcc 0.9.0 10.76 137.85 148.61 OK
r-devel-linux-x86_64-fedora-clang 0.9.0 250.16 OK
r-devel-linux-x86_64-fedora-gcc 0.9.0 247.73 OK
r-devel-windows-x86_64 0.9.0 223.00 221.00 444.00 OK
r-patched-linux-x86_64 0.9.0 17.94 178.57 196.51 OK
r-release-linux-x86_64 0.9.0 14.59 181.43 196.02 NOTE
r-release-macos-arm64 0.9.0 53.00 ERROR
r-release-macos-x86_64 0.9.0 62.00 OK
r-release-windows-x86_64 0.9.0 223.00 221.00 444.00 OK
r-oldrel-macos-arm64 0.9.0 44.00 OK
r-oldrel-macos-x86_64 0.9.0 64.00 OK
r-oldrel-windows-ix86+x86_64 0.9.0 29.00 231.00 260.00 OK

Check Details

Version: 0.9.0
Check: package dependencies
Result: NOTE
    Package suggested but not available for checking: ‘blavaan’
Flavor: r-release-linux-x86_64

Version: 0.9.0
Check: examples
Result: ERROR
    Running examples in ‘performance-Ex.R’ failed
    The error most likely occurred in:
    
    > ### Name: check_overdispersion
    > ### Title: Check overdispersion of GL(M)M's
    > ### Aliases: check_overdispersion
    >
    > ### ** Examples
    >
    > if (require("glmmTMB")) {
    + data(Salamanders)
    + m <- glm(count ~ spp + mined, family = poisson, data = Salamanders)
    + check_overdispersion(m)
    +
    + m <- glmmTMB(
    + count ~ mined + spp + (1 | site),
    + family = poisson,
    + data = Salamanders
    + )
    + check_overdispersion(m)
    + }
    Loading required package: glmmTMB
    Warning in checkDepPackageVersion(dep_pkg = "TMB") :
     Package version inconsistency detected.
    glmmTMB was built with TMB version 1.7.22
    Current TMB version is 1.8.1
    Please re-install glmmTMB from source or restore original ‘TMB’ package (see '?reinstalling' for more information)
    Error in .Call("getParameterOrder", data, parameters, new.env(), NULL, :
     Incorrect number of arguments (4), expecting 3 for 'getParameterOrder'
    Calls: glmmTMB ... fitTMB -> with -> with.default -> eval -> eval -> MakeADFun
    Execution halted
Flavor: r-release-macos-arm64