Last updated on 2023-02-01 03:54:23 CET.
Flavor | Version | Tinstall | Tcheck | Ttotal | Status | Flags |
---|---|---|---|---|---|---|
r-devel-linux-x86_64-debian-clang | 2.1.0 | 424.65 | 174.63 | 599.28 | NOTE | |
r-devel-linux-x86_64-debian-gcc | 2.1.0 | 375.13 | 123.42 | 498.55 | NOTE | |
r-devel-linux-x86_64-fedora-clang | 2.1.0 | 828.54 | NOTE | |||
r-devel-linux-x86_64-fedora-gcc | 2.1.0 | 907.09 | NOTE | |||
r-devel-windows-x86_64 | 2.1.0 | 370.00 | 259.00 | 629.00 | NOTE | |
r-patched-linux-x86_64 | 2.1.0 | 381.79 | 164.59 | 546.38 | OK | |
r-release-linux-x86_64 | 2.1.0 | 400.91 | 159.11 | 560.02 | OK | |
r-release-macos-arm64 | 2.1.0 | 224.00 | NOTE | |||
r-release-macos-x86_64 | 2.1.0 | 260.00 | NOTE | |||
r-release-windows-x86_64 | 2.1.0 | 568.00 | 254.00 | 822.00 | OK | |
r-oldrel-macos-arm64 | 2.1.0 | 237.00 | NOTE | |||
r-oldrel-macos-x86_64 | 2.1.0 | 235.00 | NOTE | |||
r-oldrel-windows-ix86+x86_64 | 2.1.0 | 928.00 | 351.00 | 1279.00 | NOTE |
Version: 2.1.0
Check: C++ specification
Result: NOTE
Specified C++14: please update to current default of C++17
Flavors: r-devel-linux-x86_64-debian-clang, r-devel-linux-x86_64-debian-gcc, r-devel-linux-x86_64-fedora-clang, r-devel-linux-x86_64-fedora-gcc, r-devel-windows-x86_64
Version: 2.1.0
Check: installed package size
Result: NOTE
installed size is 45.0Mb
sub-directories of 1Mb or more:
libs 43.8Mb
Flavors: r-release-macos-arm64, r-release-macos-x86_64, r-oldrel-macos-arm64, r-oldrel-macos-x86_64, r-oldrel-windows-ix86+x86_64