Last updated on 2022-05-19 04:51:10 CEST.
Flavor | Version | Tinstall | Tcheck | Ttotal | Status | Flags |
---|---|---|---|---|---|---|
r-devel-linux-x86_64-debian-clang | 1.0.2 | 165.81 | 97.41 | 263.22 | OK | |
r-devel-linux-x86_64-debian-gcc | 1.0.2 | 133.22 | 77.28 | 210.50 | OK | |
r-devel-linux-x86_64-fedora-clang | 1.0.2 | 382.83 | OK | |||
r-devel-linux-x86_64-fedora-gcc | 1.0.2 | 342.07 | OK | |||
r-devel-windows-x86_64 | 1.0.2 | 137.00 | 122.00 | 259.00 | OK | |
r-patched-linux-x86_64 | 1.0.2 | 148.27 | 94.41 | 242.68 | OK | |
r-release-linux-x86_64 | 1.0.2 | 139.97 | 92.09 | 232.06 | OK | |
r-release-macos-arm64 | 1.0.2 | 80.00 | NOTE | |||
r-release-macos-x86_64 | 1.0.2 | 104.00 | NOTE | |||
r-release-windows-x86_64 | 1.0.2 | 133.00 | 125.00 | 258.00 | OK | |
r-oldrel-macos-arm64 | 1.0.2 | 85.00 | NOTE | |||
r-oldrel-macos-x86_64 | 1.0.2 | 138.00 | NOTE | |||
r-oldrel-windows-ix86+x86_64 | 1.0.2 | 423.00 | 149.00 | 572.00 | OK |
Version: 1.0.2
Check: installed package size
Result: NOTE
installed size is 6.5Mb
sub-directories of 1Mb or more:
libs 6.3Mb
Flavors: r-release-macos-arm64, r-release-macos-x86_64, r-oldrel-macos-arm64, r-oldrel-macos-x86_64