CRAN Package Check Results for Package pcdpca

Last updated on 2022-06-28 03:51:38 CEST.

Flavor Version Tinstall Tcheck Ttotal Status Flags
r-devel-linux-x86_64-debian-clang 0.4 1.74 30.08 31.82 NOTE
r-devel-linux-x86_64-debian-gcc 0.4 1.83 23.42 25.25 NOTE
r-devel-linux-x86_64-fedora-clang 0.4 49.56 NOTE
r-devel-linux-x86_64-fedora-gcc 0.4 50.84 NOTE
r-devel-windows-x86_64 0.4 12.00 50.00 62.00 NOTE
r-patched-linux-x86_64 0.4 8.25 29.43 37.68 NOTE
r-release-linux-x86_64 0.4 1.76 29.03 30.79 NOTE
r-release-macos-arm64 0.4 20.00 NOTE
r-release-macos-x86_64 0.4 30.00 NOTE
r-release-windows-x86_64 0.4 12.00 54.00 66.00 NOTE
r-oldrel-macos-arm64 0.4 23.00 NOTE
r-oldrel-macos-x86_64 0.4 30.00 NOTE
r-oldrel-windows-ix86+x86_64 0.4 6.00 47.00 53.00 NOTE

Check Details

Version: 0.4
Check: LazyData
Result: NOTE
     'LazyData' is specified without a 'data' directory
Flavors: r-devel-linux-x86_64-debian-clang, r-devel-linux-x86_64-debian-gcc, r-devel-linux-x86_64-fedora-clang, r-devel-linux-x86_64-fedora-gcc, r-devel-windows-x86_64, r-patched-linux-x86_64, r-release-linux-x86_64, r-release-macos-arm64, r-release-macos-x86_64, r-release-windows-x86_64, r-oldrel-macos-arm64, r-oldrel-macos-x86_64, r-oldrel-windows-ix86+x86_64

Version: 0.4
Check: dependencies in R code
Result: NOTE
    Namespace in Imports field not imported from: ‘fda’
     All declared Imports should be used.
Flavors: r-devel-linux-x86_64-fedora-clang, r-devel-linux-x86_64-fedora-gcc, r-release-macos-arm64, r-release-macos-x86_64, r-oldrel-macos-arm64, r-oldrel-macos-x86_64