Last updated on 2022-06-29 03:52:47 CEST.
Flavor | Version | Tinstall | Tcheck | Ttotal | Status | Flags |
---|---|---|---|---|---|---|
r-devel-linux-x86_64-debian-clang | 4.3.3 | 97.38 | 62.78 | 160.16 | NOTE | |
r-devel-linux-x86_64-debian-gcc | 4.3.3 | 71.86 | 47.48 | 119.34 | NOTE | |
r-devel-linux-x86_64-fedora-clang | 4.3.3 | 235.43 | NOTE | |||
r-devel-linux-x86_64-fedora-gcc | 4.3.3 | 204.89 | NOTE | |||
r-devel-windows-x86_64 | 4.3.3 | 116.00 | 111.00 | 227.00 | NOTE | |
r-patched-linux-x86_64 | 4.3.3 | 76.02 | 59.69 | 135.71 | NOTE | |
r-release-linux-x86_64 | 4.3.3 | 76.80 | 59.20 | 136.00 | NOTE | |
r-release-macos-arm64 | 4.3.3 | 57.00 | NOTE | |||
r-release-macos-x86_64 | 4.3.3 | 95.00 | NOTE | |||
r-release-windows-x86_64 | 4.3.3 | 154.00 | 113.00 | 267.00 | NOTE | |
r-oldrel-macos-arm64 | 4.3.3 | 59.00 | NOTE | |||
r-oldrel-macos-x86_64 | 4.3.3 | 88.00 | NOTE | |||
r-oldrel-windows-ix86+x86_64 | 4.3.3 | 277.00 | 117.00 | 394.00 | NOTE |
Version: 4.3.3
Check: LazyData
Result: NOTE
'LazyData' is specified without a 'data' directory
Flavors: r-devel-linux-x86_64-debian-clang, r-devel-linux-x86_64-debian-gcc, r-devel-linux-x86_64-fedora-clang, r-devel-linux-x86_64-fedora-gcc, r-devel-windows-x86_64, r-patched-linux-x86_64, r-release-linux-x86_64, r-release-macos-arm64, r-release-macos-x86_64, r-release-windows-x86_64, r-oldrel-macos-arm64, r-oldrel-macos-x86_64, r-oldrel-windows-ix86+x86_64
Version: 4.3.3
Check: installed package size
Result: NOTE
installed size is 5.7Mb
sub-directories of 1Mb or more:
extdata 2.7Mb
libs 2.2Mb
Flavors: r-devel-linux-x86_64-fedora-clang, r-release-macos-arm64, r-release-macos-x86_64, r-oldrel-macos-arm64, r-oldrel-macos-x86_64, r-oldrel-windows-ix86+x86_64