Last updated on 2022-05-25 04:55:32 CEST.
Flavor | Version | Tinstall | Tcheck | Ttotal | Status | Flags |
---|---|---|---|---|---|---|
r-devel-linux-x86_64-debian-clang | 2.7.1 | 19.44 | 230.63 | 250.07 | OK | |
r-devel-linux-x86_64-debian-gcc | 2.7.1 | 13.74 | 157.99 | 171.73 | OK | |
r-devel-linux-x86_64-fedora-clang | 2.7.1 | 285.88 | NOTE | |||
r-devel-linux-x86_64-fedora-gcc | 2.7.1 | 271.34 | OK | |||
r-devel-windows-x86_64 | 2.7.1 | 44.00 | 219.00 | 263.00 | OK | |
r-patched-linux-x86_64 | 2.7.1 | 19.33 | 212.23 | 231.56 | OK | |
r-release-linux-x86_64 | 2.7.1 | OK | ||||
r-release-macos-arm64 | 2.7.1 | 118.00 | OK | |||
r-release-macos-x86_64 | 2.7.1 | 167.00 | OK | |||
r-release-windows-x86_64 | 2.7.1 | 93.00 | 205.00 | 298.00 | OK | |
r-oldrel-macos-arm64 | 2.7.1 | 103.00 | OK | |||
r-oldrel-macos-x86_64 | 2.7.1 | 155.00 | OK | |||
r-oldrel-windows-ix86+x86_64 | 2.7.1 | 30.00 | 230.00 | 260.00 | OK |
Version: 2.7.1
Check: Rd cross-references
Result: NOTE
Undeclared package ‘future’ in Rd xrefs
Flavor: r-devel-linux-x86_64-fedora-clang