Last updated on 2022-06-27 15:53:50 CEST.
Flavor | Version | Tinstall | Tcheck | Ttotal | Status | Flags |
---|---|---|---|---|---|---|
r-devel-linux-x86_64-debian-clang | 2.0.2 | 11.47 | 199.45 | 210.92 | OK | |
r-devel-linux-x86_64-debian-gcc | 2.0.2 | 7.34 | 141.18 | 148.52 | OK | |
r-devel-linux-x86_64-fedora-clang | 2.0.2 | 247.95 | NOTE | |||
r-devel-linux-x86_64-fedora-gcc | 2.0.2 | 242.33 | OK | |||
r-devel-windows-x86_64 | 2.0.2 | 235.00 | 242.00 | 477.00 | NOTE | |
r-patched-linux-x86_64 | 2.0.2 | 15.45 | 180.86 | 196.31 | OK | |
r-release-linux-x86_64 | 2.0.2 | 6.77 | 182.16 | 188.93 | OK | |
r-release-macos-arm64 | 2.0.2 | 79.00 | NOTE | |||
r-release-macos-x86_64 | 2.0.2 | 134.00 | NOTE | |||
r-release-windows-x86_64 | 2.0.2 | 151.00 | 241.00 | 392.00 | NOTE | |
r-oldrel-macos-arm64 | 2.0.2 | 84.00 | NOTE | |||
r-oldrel-macos-x86_64 | 2.0.2 | 107.00 | NOTE | |||
r-oldrel-windows-ix86+x86_64 | 2.0.2 | 24.00 | 231.00 | 255.00 | NOTE |
Version: 2.0.2
Check: installed package size
Result: NOTE
installed size is 5.4Mb
sub-directories of 1Mb or more:
doc 5.0Mb
Flavors: r-devel-linux-x86_64-fedora-clang, r-devel-windows-x86_64, r-release-macos-arm64, r-release-macos-x86_64, r-release-windows-x86_64, r-oldrel-macos-arm64, r-oldrel-macos-x86_64, r-oldrel-windows-ix86+x86_64