CRAN Package Check Results for Package pathwayTMB

Last updated on 2022-05-27 04:56:44 CEST.

Flavor Version Tinstall Tcheck Ttotal Status Flags
r-devel-linux-x86_64-debian-clang 0.1.2 19.79 224.82 244.61 OK
r-devel-linux-x86_64-debian-gcc 0.1.2 13.42 162.18 175.60 OK
r-devel-linux-x86_64-fedora-clang 0.1.2 286.59 NOTE
r-devel-linux-x86_64-fedora-gcc 0.1.2 266.06 NOTE
r-devel-windows-x86_64 0.1.2 35.00 223.00 258.00 OK
r-patched-linux-x86_64 0.1.2 22.42 199.39 221.81 OK
r-release-linux-x86_64 0.1.2 20.75 199.56 220.31 OK
r-release-macos-arm64 0.1.2 76.00 NOTE
r-release-macos-x86_64 0.1.2 104.00 NOTE
r-release-windows-x86_64 0.1.2 35.00 212.00 247.00 OK
r-oldrel-macos-arm64 0.1.2 64.00 NOTE
r-oldrel-macos-x86_64 0.1.2 105.00 NOTE
r-oldrel-windows-ix86+x86_64 0.1.2 42.00 215.00 257.00 OK

Check Details

Version: 0.1.2
Check: dependencies in R code
Result: NOTE
    Namespaces in Imports field not imported from:
     ‘clusterProfiler’ ‘purrr’
     All declared Imports should be used.
Flavors: r-devel-linux-x86_64-fedora-clang, r-devel-linux-x86_64-fedora-gcc, r-release-macos-arm64, r-release-macos-x86_64, r-oldrel-macos-arm64, r-oldrel-macos-x86_64