Last updated on 2023-12-10 04:00:04 CET.
Flavor | Version | Tinstall | Tcheck | Ttotal | Status | Flags |
---|---|---|---|---|---|---|
r-devel-linux-x86_64-debian-clang | 0.1.3 | 19.87 | 175.30 | 195.17 | OK | |
r-devel-linux-x86_64-debian-gcc | 0.1.3 | 16.30 | 128.26 | 144.56 | OK | |
r-devel-linux-x86_64-fedora-clang | 0.1.3 | 240.24 | NOTE | |||
r-devel-linux-x86_64-fedora-gcc | 0.1.3 | 233.62 | NOTE | |||
r-devel-windows-x86_64 | 0.1.3 | 19.00 | 134.00 | 153.00 | OK | |
r-patched-linux-x86_64 | 0.1.3 | 16.02 | 164.21 | 180.23 | OK | |
r-release-linux-x86_64 | 0.1.3 | 15.95 | 161.07 | 177.02 | OK | |
r-release-macos-arm64 | 0.1.3 | 73.00 | OK | |||
r-release-macos-x86_64 | 0.1.3 | 125.00 | OK | |||
r-release-windows-x86_64 | 0.1.3 | 24.00 | 163.00 | 187.00 | OK | |
r-oldrel-macos-arm64 | 0.1.3 | 67.00 | NOTE | |||
r-oldrel-macos-x86_64 | 0.1.3 | 92.00 | NOTE | |||
r-oldrel-windows-x86_64 | 0.1.3 | 24.00 | 169.00 | 193.00 | OK |
Version: 0.1.3
Check: dependencies in R code
Result: NOTE
Namespaces in Imports field not imported from:
‘clusterProfiler’ ‘purrr’
All declared Imports should be used.
Flavors: r-devel-linux-x86_64-fedora-clang, r-devel-linux-x86_64-fedora-gcc, r-oldrel-macos-arm64, r-oldrel-macos-x86_64