CRAN Package Check Results for Package pathlit

Last updated on 2022-05-27 15:51:46 CEST.

Flavor Version Tinstall Tcheck Ttotal Status Flags
r-devel-linux-x86_64-debian-clang 0.1.0 5.53 55.76 61.29 OK
r-devel-linux-x86_64-debian-gcc 0.1.0 4.49 43.71 48.20 OK
r-devel-linux-x86_64-fedora-clang 0.1.0 77.79 NOTE
r-devel-linux-x86_64-fedora-gcc 0.1.0 76.48 NOTE
r-devel-windows-x86_64 0.1.0 11.00 67.00 78.00 OK
r-patched-linux-x86_64 0.1.0 4.23 55.01 59.24 OK
r-release-linux-x86_64 0.1.0 3.52 54.59 58.11 OK
r-release-macos-arm64 0.1.0 23.00 NOTE
r-release-macos-x86_64 0.1.0 38.00 NOTE
r-release-windows-x86_64 0.1.0 11.00 72.00 83.00 OK
r-oldrel-macos-arm64 0.1.0 25.00 NOTE
r-oldrel-macos-x86_64 0.1.0 31.00 NOTE
r-oldrel-windows-ix86+x86_64 0.1.0 13.00 65.00 78.00 OK

Check Details

Version: 0.1.0
Check: dependencies in R code
Result: NOTE
    Namespaces in Imports field not imported from:
     ‘testthat’ ‘usethis’ ‘utils’
     All declared Imports should be used.
Flavors: r-devel-linux-x86_64-fedora-clang, r-devel-linux-x86_64-fedora-gcc, r-release-macos-arm64, r-release-macos-x86_64, r-oldrel-macos-arm64, r-oldrel-macos-x86_64