Last updated on 2022-05-18 15:49:09 CEST.
Flavor | Version | Tinstall | Tcheck | Ttotal | Status | Flags |
---|---|---|---|---|---|---|
r-devel-linux-x86_64-debian-clang | 0.9.1 | 4.58 | 208.60 | 213.18 | OK | |
r-devel-linux-x86_64-debian-gcc | 0.9.1 | 3.99 | 155.77 | 159.76 | OK | |
r-devel-linux-x86_64-fedora-clang | 0.9.1 | 239.22 | NOTE | |||
r-devel-linux-x86_64-fedora-gcc | 0.9.1 | 248.40 | NOTE | |||
r-devel-windows-x86_64 | 0.9.1 | 24.00 | 226.00 | 250.00 | OK | |
r-patched-linux-x86_64 | 0.9.1 | 4.73 | 199.87 | 204.60 | OK | |
r-release-linux-x86_64 | 0.9.1 | 5.03 | 195.60 | 200.63 | OK | |
r-release-macos-arm64 | 0.9.1 | 60.00 | NOTE | |||
r-release-macos-x86_64 | 0.9.1 | 108.00 | NOTE | |||
r-release-windows-x86_64 | 0.9.1 | 19.00 | 233.00 | 252.00 | OK | |
r-oldrel-macos-arm64 | 0.9.1 | 82.00 | NOTE | |||
r-oldrel-macos-x86_64 | 0.9.1 | 110.00 | NOTE | |||
r-oldrel-windows-ix86+x86_64 | 0.9.1 | 10.00 | 244.00 | 254.00 | OK |
Version: 0.9.1
Check: dependencies in R code
Result: NOTE
Namespace in Imports field not imported from: ‘methods’
All declared Imports should be used.
Flavors: r-devel-linux-x86_64-fedora-clang, r-devel-linux-x86_64-fedora-gcc, r-release-macos-arm64, r-release-macos-x86_64, r-oldrel-macos-arm64, r-oldrel-macos-x86_64