CRAN Package Check Results for Package paropt

Last updated on 2022-06-26 03:50:08 CEST.

Flavor Version Tinstall Tcheck Ttotal Status Flags
r-devel-linux-x86_64-debian-clang 0.2.1 239.83 35.10 274.93 OK
r-devel-linux-x86_64-debian-gcc 0.2.1 190.85 27.22 218.07 OK
r-devel-linux-x86_64-fedora-clang 0.2.1 426.82 NOTE
r-devel-linux-x86_64-fedora-gcc 0.2.1 374.52 OK
r-devel-windows-x86_64 0.2.1 335.00 102.00 437.00 OK
r-patched-linux-x86_64 0.2.1 200.91 34.04 234.95 OK
r-release-linux-x86_64 0.2.1 203.69 34.30 237.99 OK
r-release-macos-arm64 0.2.1 85.00 NOTE
r-release-macos-x86_64 0.2.1 113.00 NOTE
r-release-windows-x86_64 0.2.1 341.00 100.00 441.00 OK
r-oldrel-macos-arm64 0.2.1 88.00 NOTE
r-oldrel-macos-x86_64 0.2.1 107.00 NOTE
r-oldrel-windows-ix86+x86_64 0.2.1 593.00 86.00 679.00 NOTE

Check Details

Version: 0.2.1
Check: installed package size
Result: NOTE
     installed size is 9.7Mb
     sub-directories of 1Mb or more:
     libs 5.8Mb
Flavors: r-devel-linux-x86_64-fedora-clang, r-release-macos-arm64, r-release-macos-x86_64, r-oldrel-macos-arm64, r-oldrel-macos-x86_64, r-oldrel-windows-ix86+x86_64